{"id":1622,"date":"2017-03-23T12:42:53","date_gmt":"2017-03-23T11:42:53","guid":{"rendered":"http:\/\/cpsanguesa.educacion.navarra.es\/blogs\/?page_id=1622"},"modified":"2024-04-09T11:58:47","modified_gmt":"2024-04-09T09:58:47","slug":"comunicaciones","status":"publish","type":"page","link":"https:\/\/cpsanguesa.educacion.navarra.es\/blogs\/comunicaciones\/","title":{"rendered":"Comunicaciones"},"content":{"rendered":"<h5><strong><span style=\"color: #ab2668;\">CIRCULARES<\/span><\/strong><\/h5>\n<p><a href=\"https:\/\/drive.google.com\/drive\/folders\/1QUpCRg6rhkIHrRt_-gad5Sp9vNZkAsGl\"><img loading=\"lazy\" class=\"wp-image-5034 alignleft\" src=\"https:\/\/cpsanguesa.educacion.navarra.es\/blogs\/wp-content\/uploads\/2024\/04\/circulares1.jpg\" alt=\"\" width=\"139\" height=\"128\"><\/a>Consulta las circulares <strong>en la web<\/strong> clicando en la imagen.&nbsp; &nbsp; &nbsp; &nbsp; &nbsp; &nbsp; &nbsp; &nbsp; &nbsp; &nbsp; &nbsp; &nbsp; &nbsp; &nbsp; &nbsp; Se enviar\u00e1n las circulares <strong>principalmente a trav\u00e9s&nbsp;<\/strong><strong>de WhatsApp, y<\/strong><strong> algunas tambi\u00e9n al correo electr\u00f3nico.&nbsp; &nbsp; &nbsp; &nbsp; &nbsp; &nbsp; &nbsp; &nbsp; &nbsp; &nbsp; &nbsp; &nbsp; &nbsp; &nbsp; &nbsp; &nbsp; <\/strong>Comunicaciones en papel, s\u00f3lo para familias sin conexi\u00f3n a internet o si hay que devolver alguna<strong> informaci\u00f3n firmada<\/strong>.<\/p>\n<h5><span style=\"color: #ab2668;\"><strong>WHATSAPP<\/strong><\/span><\/h5>\n<p><img loading=\"lazy\" class=\"wp-image-5035 alignleft\" style=\"font-size: revert; color: initial;\" src=\"https:\/\/cpsanguesa.educacion.navarra.es\/blogs\/wp-content\/uploads\/2024\/04\/icono-whatapp-isometrico-aislado-realista-3d-scaled.jpg\" alt=\"\" width=\"150\" height=\"150\" srcset=\"https:\/\/cpsanguesa.educacion.navarra.es\/blogs\/wp-content\/uploads\/2024\/04\/icono-whatapp-isometrico-aislado-realista-3d-scaled.jpg 2560w, https:\/\/cpsanguesa.educacion.navarra.es\/blogs\/wp-content\/uploads\/2024\/04\/icono-whatapp-isometrico-aislado-realista-3d-300x300.jpg 300w, https:\/\/cpsanguesa.educacion.navarra.es\/blogs\/wp-content\/uploads\/2024\/04\/icono-whatapp-isometrico-aislado-realista-3d-1024x1024.jpg 1024w, https:\/\/cpsanguesa.educacion.navarra.es\/blogs\/wp-content\/uploads\/2024\/04\/icono-whatapp-isometrico-aislado-realista-3d-150x150.jpg 150w, https:\/\/cpsanguesa.educacion.navarra.es\/blogs\/wp-content\/uploads\/2024\/04\/icono-whatapp-isometrico-aislado-realista-3d-768x768.jpg 768w, https:\/\/cpsanguesa.educacion.navarra.es\/blogs\/wp-content\/uploads\/2024\/04\/icono-whatapp-isometrico-aislado-realista-3d-1536x1536.jpg 1536w, https:\/\/cpsanguesa.educacion.navarra.es\/blogs\/wp-content\/uploads\/2024\/04\/icono-whatapp-isometrico-aislado-realista-3d-2048x2048.jpg 2048w\" sizes=\"(max-width: 150px) 100vw, 150px\" \/> <span style=\"color: initial;\">Se utilizar\u00e1 para <\/span><strong style=\"color: initial;\">avisos, comunicaciones y env\u00edo de documentos<\/strong><span style=\"color: initial;\"> del centro a las familias.&nbsp; &nbsp; &nbsp; &nbsp; &nbsp; &nbsp; &nbsp; &nbsp; &nbsp; &nbsp; &nbsp; &nbsp; &nbsp; &nbsp; &nbsp; &nbsp; &nbsp; &nbsp; &nbsp; &nbsp; &nbsp; &nbsp; &nbsp; &nbsp; &nbsp; &nbsp; &nbsp; &nbsp; &nbsp; &nbsp; &nbsp; &nbsp; &nbsp; &nbsp; &nbsp; &nbsp; &nbsp; &nbsp; &nbsp; &nbsp; &nbsp; <\/span><span style=\"color: #ff0000;\"><strong>NO es para comunicaciones de las familias<\/strong><\/span><span style=\"color: initial;\">. <\/span><strong style=\"color: initial;\">Para ello, llamar al tel\u00e9fono fijo: 948 871418.&nbsp; &nbsp; &nbsp; &nbsp; &nbsp; &nbsp; &nbsp; &nbsp; &nbsp; &nbsp; &nbsp; &nbsp; &nbsp; &nbsp; &nbsp; &nbsp; &nbsp; &nbsp; &nbsp; &nbsp; &nbsp; &nbsp; &nbsp; &nbsp; &nbsp; &nbsp; &nbsp; &nbsp; &nbsp; &nbsp; &nbsp; &nbsp; &nbsp; &nbsp; &nbsp; &nbsp; &nbsp; <\/strong><span style=\"color: initial;\">Se pretende agilizar al m\u00e1ximo la informaci\u00f3n.&nbsp; &nbsp; &nbsp; &nbsp; &nbsp; &nbsp; &nbsp; &nbsp; &nbsp; &nbsp; &nbsp; &nbsp; &nbsp; &nbsp; &nbsp; &nbsp; &nbsp; &nbsp; <\/span><span style=\"color: initial;\">Crear en el m\u00f3vil el contacto <\/span><strong style=\"color: initial;\">CPEIP Luis Gil<\/strong><span style=\"color: initial;\"> con el n\u00ba <\/span><strong style=\"color: initial;\">689 370 718<\/strong><span style=\"color: initial;\">.<\/span><\/p>\n<h5>&nbsp;<\/h5>\n<h5><span style=\"color: #ab2668;\"><strong>CORREO ELECTR\u00d3NICO<\/strong><\/span><\/h5>\n<p><a href=\"mailto:\"><img loading=\"lazy\" class=\"wp-image-5037  alignleft\" src=\"https:\/\/cpsanguesa.educacion.navarra.es\/blogs\/wp-content\/uploads\/2024\/04\/que-es-email-correo-electronico-e1643025171861-1.jpg\" alt=\"\" width=\"162\" height=\"154\" srcset=\"https:\/\/cpsanguesa.educacion.navarra.es\/blogs\/wp-content\/uploads\/2024\/04\/que-es-email-correo-electronico-e1643025171861-1.jpg 722w, https:\/\/cpsanguesa.educacion.navarra.es\/blogs\/wp-content\/uploads\/2024\/04\/que-es-email-correo-electronico-e1643025171861-1-300x285.jpg 300w\" sizes=\"(max-width: 162px) 100vw, 162px\" \/><\/a>Se enviar\u00e1n por correo electr\u00f3nico (adem\u00e1s de por WhatsApp) <strong>determinadas comunicaciones y circulares<\/strong> del centro a las familias del alumnado. &nbsp; &nbsp; &nbsp; &nbsp; &nbsp; &nbsp; &nbsp; &nbsp; &nbsp;&nbsp;&nbsp; &nbsp; &nbsp; &nbsp; &nbsp; &nbsp; &nbsp; &nbsp; &nbsp; &nbsp; &nbsp; &nbsp; &nbsp; &nbsp; &nbsp; &nbsp; &nbsp; &nbsp; &nbsp; &nbsp; &nbsp; &nbsp; &nbsp; &nbsp; &nbsp; &nbsp; &nbsp; &nbsp; &nbsp; &nbsp; &nbsp; &nbsp; &nbsp; &nbsp; &nbsp; Equipo Directivo <a href=\"mailto:cpsangue@educacion.navarra.es\" target=\"_blank\" rel=\"noopener noreferrer\">cpsangue@educacion.navarra.es<\/a>&nbsp; &nbsp; &nbsp; &nbsp; &nbsp; &nbsp; Administraci\u00f3n: <a href=\"mailto:cpsangue-administrativo@educacion.navarra.es\" target=\"_blank\" rel=\"noopener noreferrer\">cpsangue-administrativo@educacion.navarra.es<\/a><\/p>\n<p>&nbsp;<\/p>\n<h5><span style=\"color: #ab2668;\"><strong>EDUCA<\/strong><\/span><\/h5>\n<p><a href=\"https:\/\/sso.educacion.navarra.es\/auth\/realms\/educacion.navarra.es\/protocol\/openid-connect\/auth?client_id=educa-portal-frontend&amp;redirect_uri=https%3A%2F%2Feducages.navarra.es%2FEduca%2Fportal%2Fes%2F%23%2FLoginFrame%2FLogin&amp;state=e3f2b07c-90dc-4868-a0bd-1c08e9da5576&amp;response_mode=fragment&amp;response_type=code&amp;scope=openid&amp;nonce=ac2acbe4-617d-406c-adfd-f4c3c5a19e44\"><img loading=\"lazy\" class=\"wp-image-5041 alignleft\" src=\"https:\/\/cpsanguesa.educacion.navarra.es\/blogs\/wp-content\/uploads\/2024\/04\/unnamed.png\" alt=\"\" width=\"140\" height=\"140\" srcset=\"https:\/\/cpsanguesa.educacion.navarra.es\/blogs\/wp-content\/uploads\/2024\/04\/unnamed.png 512w, https:\/\/cpsanguesa.educacion.navarra.es\/blogs\/wp-content\/uploads\/2024\/04\/unnamed-300x300.png 300w, https:\/\/cpsanguesa.educacion.navarra.es\/blogs\/wp-content\/uploads\/2024\/04\/unnamed-150x150.png 150w\" sizes=\"(max-width: 140px) 100vw, 140px\" \/><\/a>Para <strong>consulta de calificaciones, asistencia, etc. <\/strong>&nbsp; &nbsp; &nbsp; &nbsp; &nbsp; &nbsp; &nbsp; &nbsp; &nbsp; &nbsp; &nbsp; &nbsp; &nbsp; &nbsp; &nbsp; &nbsp; &nbsp; &nbsp; El centro habilita las <strong>cuentas de Educa del padre y de la madre<\/strong>.&nbsp; &nbsp; &nbsp; &nbsp; &nbsp; Las cuentas de Educa <strong>permanecen activas a lo largo de toda la escolaridad en todas las etapas educativas. <\/strong>&nbsp; &nbsp; &nbsp; &nbsp; &nbsp; &nbsp; &nbsp; &nbsp; &nbsp; &nbsp; &nbsp; &nbsp; &nbsp; &nbsp; &nbsp; &nbsp; &nbsp; &nbsp; &nbsp; <strong>Misma cuenta<\/strong> para consultar la informaci\u00f3n de todos los hijos e hijas escolarizados en E. Infantil, E. Primaria, E. Secundaria y Bachillerato.<\/p>\n","protected":false},"excerpt":{"rendered":"<p>CIRCULARES Consulta las circulares en la web clicando en la imagen.&nbsp; &nbsp; &nbsp; &nbsp; &nbsp; &nbsp; &nbsp; &nbsp; &nbsp; &nbsp; &nbsp; &nbsp; &nbsp; &nbsp; &nbsp; Se enviar\u00e1n las circulares principalmente a trav\u00e9s&nbsp;de WhatsApp, y algunas tambi\u00e9n al correo electr\u00f3nico.&nbsp; &nbsp; &nbsp; &nbsp; &nbsp; &nbsp; &nbsp; &nbsp; &nbsp; &nbsp; &nbsp; &nbsp; &nbsp; &nbsp; &nbsp; &nbsp; Comunicaciones [&hellip;]<\/p>\n","protected":false},"author":1,"featured_media":0,"parent":0,"menu_order":0,"comment_status":"closed","ping_status":"closed","template":"","meta":{"_editorskit_title_hidden":false,"_editorskit_reading_time":1,"_editorskit_is_block_options_detached":false,"_editorskit_block_options_position":"{}","_genesis_hide_title":false,"_genesis_hide_breadcrumbs":false,"_genesis_hide_singular_image":false,"_genesis_hide_footer_widgets":false,"_genesis_custom_body_class":"","_genesis_custom_post_class":"","_genesis_layout":"","ngg_post_thumbnail":0},"_links":{"self":[{"href":"https:\/\/cpsanguesa.educacion.navarra.es\/blogs\/wp-json\/wp\/v2\/pages\/1622"}],"collection":[{"href":"https:\/\/cpsanguesa.educacion.navarra.es\/blogs\/wp-json\/wp\/v2\/pages"}],"about":[{"href":"https:\/\/cpsanguesa.educacion.navarra.es\/blogs\/wp-json\/wp\/v2\/types\/page"}],"author":[{"embeddable":true,"href":"https:\/\/cpsanguesa.educacion.navarra.es\/blogs\/wp-json\/wp\/v2\/users\/1"}],"replies":[{"embeddable":true,"href":"https:\/\/cpsanguesa.educacion.navarra.es\/blogs\/wp-json\/wp\/v2\/comments?post=1622"}],"version-history":[{"count":0,"href":"https:\/\/cpsanguesa.educacion.navarra.es\/blogs\/wp-json\/wp\/v2\/pages\/1622\/revisions"}],"wp:attachment":[{"href":"https:\/\/cpsanguesa.educacion.navarra.es\/blogs\/wp-json\/wp\/v2\/media?parent=1622"}],"curies":[{"name":"wp","href":"https:\/\/api.w.org\/{rel}","templated":true}]}}