{"id":2613,"date":"2019-10-05T22:52:59","date_gmt":"2019-10-05T20:52:59","guid":{"rendered":"http:\/\/cpsanguesa.educacion.navarra.es\/blogs\/?page_id=2613"},"modified":"2025-08-11T12:15:48","modified_gmt":"2025-08-11T10:15:48","slug":"protocolo-ante-conductas-suicidas","status":"publish","type":"page","link":"https:\/\/cpsanguesa.educacion.navarra.es\/blogs\/protocolo-ante-conductas-suicidas\/","title":{"rendered":"Protocolo ante Conductas Suicidas"},"content":{"rendered":"<p>Este Protocolo de Colaboraci\u00f3n Interinstitucional para la <strong>Prevenci\u00f3n y Actuaci\u00f3n ante Conductas Suicidas<\/strong> no se propone como un documento cerrado al que deban ajustarse las actuaciones de los profesionales implicados en la prevenci\u00f3n. Se ofrece, m\u00e1s bien, como un modelo que marque pautas de actuaci\u00f3n, que aporte seguridad a los profesionales y que contribuya a la coordinaci\u00f3n entre los Departamentos. Los protocolos de los Departamentos de Salud, Educaci\u00f3n, Pol\u00edticas Sociales e Interior, as\u00ed como aquellos que desarrollan distintas entidades de iniciativa privada en la lucha contra el suicidio, pueden beneficiarse de este modelo, si bien ser\u00e1 siempre el juicio del profesional el que prevalecer\u00e1 ante la situaci\u00f3n concreta en que el riesgo o el intento se presente.<\/p>\n\n\n<div class=\"wp-block-image\"><figure class=\"aligncenter\"><a href=\"https:\/\/cpsanguesa.educacion.navarra.es\/blogs\/wp-content\/uploads\/2019\/10\/Protocolo-Conductas-Suicidas.pdf\" target=\"_blank\" rel=\"noreferrer noopener\"><img loading=\"lazy\" width=\"300\" height=\"119\" src=\"https:\/\/cpsanguesa.educacion.navarra.es\/blogs\/wp-content\/uploads\/2019\/10\/Convivencia_Label_Conductas-Suicidas-300x119.jpg\" alt=\"\" class=\"wp-image-2614\" srcset=\"https:\/\/cpsanguesa.educacion.navarra.es\/blogs\/wp-content\/uploads\/2019\/10\/Convivencia_Label_Conductas-Suicidas-300x119.jpg 300w, https:\/\/cpsanguesa.educacion.navarra.es\/blogs\/wp-content\/uploads\/2019\/10\/Convivencia_Label_Conductas-Suicidas-768x304.jpg 768w, https:\/\/cpsanguesa.educacion.navarra.es\/blogs\/wp-content\/uploads\/2019\/10\/Convivencia_Label_Conductas-Suicidas-1024x405.jpg 1024w, https:\/\/cpsanguesa.educacion.navarra.es\/blogs\/wp-content\/uploads\/2019\/10\/Convivencia_Label_Conductas-Suicidas.jpg 1096w\" sizes=\"(max-width: 300px) 100vw, 300px\" \/><\/a><\/figure><\/div>\n","protected":false},"excerpt":{"rendered":"<p>Este Protocolo de Colaboraci\u00f3n Interinstitucional para la Prevenci\u00f3n y Actuaci\u00f3n ante Conductas Suicidas no se propone como un documento cerrado al que deban ajustarse las actuaciones de los profesionales implicados en la prevenci\u00f3n. Se ofrece, m\u00e1s bien, como un modelo que marque pautas de actuaci\u00f3n, que aporte seguridad a los profesionales y que contribuya a [&hellip;]<\/p>\n","protected":false},"author":1,"featured_media":0,"parent":0,"menu_order":0,"comment_status":"closed","ping_status":"closed","template":"","meta":{"_editorskit_title_hidden":false,"_editorskit_reading_time":0,"_editorskit_is_block_options_detached":false,"_editorskit_block_options_position":"{}","_genesis_hide_title":false,"_genesis_hide_breadcrumbs":false,"_genesis_hide_singular_image":false,"_genesis_hide_footer_widgets":false,"_genesis_custom_body_class":"","_genesis_custom_post_class":"","_genesis_layout":"","ngg_post_thumbnail":0},"_links":{"self":[{"href":"https:\/\/cpsanguesa.educacion.navarra.es\/blogs\/wp-json\/wp\/v2\/pages\/2613"}],"collection":[{"href":"https:\/\/cpsanguesa.educacion.navarra.es\/blogs\/wp-json\/wp\/v2\/pages"}],"about":[{"href":"https:\/\/cpsanguesa.educacion.navarra.es\/blogs\/wp-json\/wp\/v2\/types\/page"}],"author":[{"embeddable":true,"href":"https:\/\/cpsanguesa.educacion.navarra.es\/blogs\/wp-json\/wp\/v2\/users\/1"}],"replies":[{"embeddable":true,"href":"https:\/\/cpsanguesa.educacion.navarra.es\/blogs\/wp-json\/wp\/v2\/comments?post=2613"}],"version-history":[{"count":0,"href":"https:\/\/cpsanguesa.educacion.navarra.es\/blogs\/wp-json\/wp\/v2\/pages\/2613\/revisions"}],"wp:attachment":[{"href":"https:\/\/cpsanguesa.educacion.navarra.es\/blogs\/wp-json\/wp\/v2\/media?parent=2613"}],"curies":[{"name":"wp","href":"https:\/\/api.w.org\/{rel}","templated":true}]}}