{"id":309,"date":"2012-02-01T19:14:15","date_gmt":"2012-02-01T18:14:15","guid":{"rendered":"http:\/\/cpsanguesa.educacion.navarra.es\/blogs\/?page_id=309"},"modified":"2020-01-14T18:34:21","modified_gmt":"2020-01-14T17:34:21","slug":"preinscripcion-alumnado","status":"publish","type":"page","link":"https:\/\/cpsanguesa.educacion.navarra.es\/blogs\/al-dia\/preinscripcion-alumnado\/","title":{"rendered":"Preinscripci\u00f3n del alumnado para el curso 2020-2021"},"content":{"rendered":"<p><span style=\"color: #ab2668;\"><strong>EL PLAZO OFICIAL DE PRESENTACI\u00d3N DE SOLICITUDES <\/strong><\/span>para la admisi\u00f3n de alumnos\/as estar\u00e1 abierto <span style=\"color: #ab2668;\"><strong>desde el lunes d\u00eda 3 <\/strong><strong>de febrero&nbsp; hasta las 14:00 h. del viernes d\u00eda 7 de febrero, ambos inclusive<\/strong><\/span>. Las solicitudes se har\u00e1n efectivas completando la instancia que pod\u00e9is recoger en este Colegio P\u00fablico y entreg\u00e1ndola en secretar\u00eda junto con la <span style=\"color: #ab2668;\"><strong>documentaci\u00f3n<\/strong><strong> e impresos<\/strong> <\/span>que os facilitaremos.<\/p>\n<p>Por otra parte, las familias deben <strong><span style=\"color: #ab2668;\">aportar la siguiente documentaci\u00f3n<\/span><\/strong>:<\/p>\n<ul>\n<li>Fotocopia de Libro de Familia o de la Partida de Nacimiento y, a efectos de ser cotejada por el centro, la presentaci\u00f3n de los originales.<\/li>\n<li>Cartilla de vacunaci\u00f3n o cualquier otro documento m\u00e9dico donde figuren las dosis vacunales recibidas o revisi\u00f3n m\u00e9dica realizada.<\/li>\n<li>Fotocopia de la Tarjeta Sanitaria.<\/li>\n<li>Informes de los estudios m\u00e9dicos realizados en caso de alumnos con minusval\u00edas, enfermedades o cualquier otra circunstancia importante relacionada con el estado de salud que el centro deba conocer.<\/li>\n<li>Certificado o Volante de Empadronamiento.<\/li>\n<li>Fotocopia del DNI del padre y de la madre.<\/li>\n<li>Fotocopia de la cartilla bancaria en la que se va a realizar la domiciliaci\u00f3n de pagos.<\/li>\n<\/ul>\n<p>Para realizar la preinscripci\u00f3n en las fechas se\u00f1aladas os atenderemos <strong>de lunes a viernes, de 8:00 h. a 15:00 h.<\/strong> Estaremos a vuestra disposici\u00f3n para informaros de todas aquellas cuestiones que quer\u00e1is consultar.<\/p>\n<p>No obstante, con objeto de ofreceros una informaci\u00f3n m\u00e1s amplia sobre este centro educativo, habr\u00e1 <span style=\"color: #800000;\"><span style=\"color: #000000;\">una<\/span><\/span> <span style=\"color: #ab2668;\"><strong>reuni\u00f3n el d\u00eda 29 de enero, mi\u00e9rcoles,<\/strong> <\/span>cuyos detalles pod\u00e9is consultar en los carteles inferiores (ampliar con un clic).<\/p>\n<p><a href=\"https:\/\/cpsanguesa.educacion.navarra.es\/blogs\/wp-content\/uploads\/2020\/01\/19-20-Preinscripci\u00f3n_Folleto_P\u00e1gina_1-web.jpg\"><img loading=\"lazy\" class=\"alignleft wp-image-2725 size-full\" src=\"https:\/\/cpsanguesa.educacion.navarra.es\/blogs\/wp-content\/uploads\/2020\/01\/19-20-Preinscripci\u00f3n_Folleto_P\u00e1gina_1-web.jpg\" alt=\"\" width=\"1223\" height=\"881\" srcset=\"https:\/\/cpsanguesa.educacion.navarra.es\/blogs\/wp-content\/uploads\/2020\/01\/19-20-Preinscripci\u00f3n_Folleto_P\u00e1gina_1-web.jpg 1223w, https:\/\/cpsanguesa.educacion.navarra.es\/blogs\/wp-content\/uploads\/2020\/01\/19-20-Preinscripci\u00f3n_Folleto_P\u00e1gina_1-web-300x216.jpg 300w, https:\/\/cpsanguesa.educacion.navarra.es\/blogs\/wp-content\/uploads\/2020\/01\/19-20-Preinscripci\u00f3n_Folleto_P\u00e1gina_1-web-1024x738.jpg 1024w, https:\/\/cpsanguesa.educacion.navarra.es\/blogs\/wp-content\/uploads\/2020\/01\/19-20-Preinscripci\u00f3n_Folleto_P\u00e1gina_1-web-768x553.jpg 768w\" sizes=\"(max-width: 1223px) 100vw, 1223px\" \/><\/a><\/p>\n<p>Al finalizar esta sesi\u00f3n informativa responderemos a las cuestiones que se planteen y realizaremos una <span style=\"color: #ab2668;\"><strong>VISITA POR EL CENTRO<\/strong><\/span> para que conozc\u00e1is sus instalaciones y material educativo.<\/p>\n<p style=\"text-align: center;\"><a href=\"https:\/\/prematricula.navarra.es\/es\/web\/prematricula\/inicio\" target=\"_blank\" rel=\"noopener noreferrer\">Informaci\u00f3n completa del Departamento de Educaci\u00f3n. Preinscripci\u00f3n 2020-2021<\/a><\/p>\n\n\n<figure class=\"wp-block-image size-full\"><a href=\"https:\/\/prematricula.navarra.es\/es\/web\/prematricula\/inicio\" target=\"_blank\" rel=\"noreferrer noopener\"><img loading=\"lazy\" width=\"1571\" height=\"2221\" src=\"https:\/\/cpsanguesa.educacion.navarra.es\/blogs\/wp-content\/uploads\/2020\/01\/19-20-Preinscripci\u00f3n_Educaci\u00f3n-web.jpg\" alt=\"\" class=\"wp-image-2722\" srcset=\"https:\/\/cpsanguesa.educacion.navarra.es\/blogs\/wp-content\/uploads\/2020\/01\/19-20-Preinscripci\u00f3n_Educaci\u00f3n-web.jpg 1571w, https:\/\/cpsanguesa.educacion.navarra.es\/blogs\/wp-content\/uploads\/2020\/01\/19-20-Preinscripci\u00f3n_Educaci\u00f3n-web-212x300.jpg 212w, https:\/\/cpsanguesa.educacion.navarra.es\/blogs\/wp-content\/uploads\/2020\/01\/19-20-Preinscripci\u00f3n_Educaci\u00f3n-web-724x1024.jpg 724w, https:\/\/cpsanguesa.educacion.navarra.es\/blogs\/wp-content\/uploads\/2020\/01\/19-20-Preinscripci\u00f3n_Educaci\u00f3n-web-768x1086.jpg 768w, https:\/\/cpsanguesa.educacion.navarra.es\/blogs\/wp-content\/uploads\/2020\/01\/19-20-Preinscripci\u00f3n_Educaci\u00f3n-web-1086x1536.jpg 1086w, https:\/\/cpsanguesa.educacion.navarra.es\/blogs\/wp-content\/uploads\/2020\/01\/19-20-Preinscripci\u00f3n_Educaci\u00f3n-web-1449x2048.jpg 1449w\" sizes=\"(max-width: 1571px) 100vw, 1571px\" \/><\/a><\/figure>\n","protected":false},"excerpt":{"rendered":"<p>EL PLAZO OFICIAL DE PRESENTACI\u00d3N DE SOLICITUDES para la admisi\u00f3n de alumnos\/as estar\u00e1 abierto desde el lunes d\u00eda 3 de febrero&nbsp; hasta las 14:00 h. del viernes d\u00eda 7 de febrero, ambos inclusive. Las solicitudes se har\u00e1n efectivas completando la instancia que pod\u00e9is recoger en este Colegio P\u00fablico y entreg\u00e1ndola en secretar\u00eda junto con la [&hellip;]<\/p>\n","protected":false},"author":1,"featured_media":0,"parent":11,"menu_order":4,"comment_status":"closed","ping_status":"closed","template":"","meta":{"_editorskit_title_hidden":false,"_editorskit_reading_time":0,"_editorskit_is_block_options_detached":false,"_editorskit_block_options_position":"{}","_genesis_hide_title":false,"_genesis_hide_breadcrumbs":false,"_genesis_hide_singular_image":false,"_genesis_hide_footer_widgets":false,"_genesis_custom_body_class":"","_genesis_custom_post_class":"","_genesis_layout":"","ngg_post_thumbnail":0},"_links":{"self":[{"href":"https:\/\/cpsanguesa.educacion.navarra.es\/blogs\/wp-json\/wp\/v2\/pages\/309"}],"collection":[{"href":"https:\/\/cpsanguesa.educacion.navarra.es\/blogs\/wp-json\/wp\/v2\/pages"}],"about":[{"href":"https:\/\/cpsanguesa.educacion.navarra.es\/blogs\/wp-json\/wp\/v2\/types\/page"}],"author":[{"embeddable":true,"href":"https:\/\/cpsanguesa.educacion.navarra.es\/blogs\/wp-json\/wp\/v2\/users\/1"}],"replies":[{"embeddable":true,"href":"https:\/\/cpsanguesa.educacion.navarra.es\/blogs\/wp-json\/wp\/v2\/comments?post=309"}],"version-history":[{"count":0,"href":"https:\/\/cpsanguesa.educacion.navarra.es\/blogs\/wp-json\/wp\/v2\/pages\/309\/revisions"}],"up":[{"embeddable":true,"href":"https:\/\/cpsanguesa.educacion.navarra.es\/blogs\/wp-json\/wp\/v2\/pages\/11"}],"wp:attachment":[{"href":"https:\/\/cpsanguesa.educacion.navarra.es\/blogs\/wp-json\/wp\/v2\/media?parent=309"}],"curies":[{"name":"wp","href":"https:\/\/api.w.org\/{rel}","templated":true}]}}