{"id":35,"date":"2024-10-02T00:02:00","date_gmt":"2024-10-01T22:02:00","guid":{"rendered":"http:\/\/cpsanguesa.educacion.navarra.es\/blogs\/?page_id=35"},"modified":"2026-03-03T08:10:14","modified_gmt":"2026-03-03T07:10:14","slug":"comedor","status":"publish","type":"page","link":"https:\/\/cpsanguesa.educacion.navarra.es\/blogs\/guia-del-curso\/comedor\/","title":{"rendered":"Comedor Escolar Comarcal"},"content":{"rendered":"\n<div class=\"wp-container-1 wp-block-group\"><div class=\"wp-block-group__inner-container\">\n<p class=\"has-text-align-center\"><strong><a href=\"https:\/\/forms.gle\/X8ZDFPM61xrdALzRA\" class=\"ek-link\">FORMULARIO<\/a><\/strong> PARA AVISOS DE COMEDOR<\/p>\n\n\n\n<p class=\"has-text-align-center\"><a href=\"https:\/\/docs.google.com\/document\/d\/19ZcWginY0A8X7kVEQcUYo6NX1kGbKnF5Wnvl5-4C9hU\/edit?usp=sharing\">Plan de Comedor Escolar 2025\/2026<\/a><\/p>\n\n\n\n<p class=\"has-text-align-center\"><a href=\"https:\/\/www.educacion.navarra.es\/web\/dpto\/comedor-y-transporte\" class=\"ek-link\">Normativa que regula el servicio de Comedores Escolares de Navarra<\/a><\/p>\n<\/div><\/div>\n\n\n\n<p class=\"has-text-align-center\"><a href=\"https:\/\/forms.gle\/Y6d9Z96hB4AZsAEG7\">INSCRIPCI\u00d3N<\/a> AL COMEDOR (en mayo).<\/p>\n\n\n\n<p class=\"has-text-align-center\"><strong>No podr\u00e1n realizarse nuevas matr\u00edculas fuera del plazo establecido<\/strong>, salvo por matr\u00edcula sobrevenida, es decir, alumnado de nueva incorporaci\u00f3n al centro fuera de plazo o por motivos de fuerza mayor debidamente justificados.<\/p>\n\n\n\n<div class=\"wp-block-columns\">\n<div class=\"wp-block-column\">\n<div class=\"wp-block-image\"><figure class=\"aligncenter size-full is-resized\"><a href=\"https:\/\/cpsanguesa.educacion.navarra.es\/blogs\/wp-content\/uploads\/2026\/03\/LG_MENU-MARZO-26.pdf\" target=\"_blank\" rel=\"noopener\"><img loading=\"lazy\" src=\"https:\/\/cpsanguesa.educacion.navarra.es\/blogs\/wp-content\/uploads\/2011\/06\/Blackboard-Menu_Castellano-02.png\" alt=\"\" class=\"wp-image-705\" width=\"250\" height=\"182\" srcset=\"https:\/\/cpsanguesa.educacion.navarra.es\/blogs\/wp-content\/uploads\/2011\/06\/Blackboard-Menu_Castellano-02.png 500w, https:\/\/cpsanguesa.educacion.navarra.es\/blogs\/wp-content\/uploads\/2011\/06\/Blackboard-Menu_Castellano-02-300x218.png 300w\" sizes=\"(max-width: 250px) 100vw, 250px\" \/><\/a><figcaption>Men\u00fa en castellano<\/figcaption><\/figure><\/div>\n<\/div>\n\n\n\n<div class=\"wp-block-column\">\n<div class=\"wp-block-image\"><figure class=\"aligncenter size-full is-resized\"><a href=\"https:\/\/cpsanguesa.educacion.navarra.es\/blogs\/wp-content\/uploads\/2026\/03\/LG_MENU-MARTXOA-26.pdf\" target=\"_blank\" rel=\"noopener\"><img loading=\"lazy\" src=\"https:\/\/cpsanguesa.educacion.navarra.es\/blogs\/wp-content\/uploads\/2011\/06\/Blackboard-Menu_Euskera-02.png\" alt=\"\" class=\"wp-image-706\" width=\"250\" height=\"182\" srcset=\"https:\/\/cpsanguesa.educacion.navarra.es\/blogs\/wp-content\/uploads\/2011\/06\/Blackboard-Menu_Euskera-02.png 500w, https:\/\/cpsanguesa.educacion.navarra.es\/blogs\/wp-content\/uploads\/2011\/06\/Blackboard-Menu_Euskera-02-300x218.png 300w\" sizes=\"(max-width: 250px) 100vw, 250px\" \/><\/a><figcaption>Men\u00fa en euskera<\/figcaption><\/figure><\/div>\n<\/div>\n<\/div>\n\n\n\n<div class=\"wp-block-media-text alignwide is-stacked-on-mobile\" style=\"grid-template-columns:35% auto\"><figure class=\"wp-block-media-text__media\"><img loading=\"lazy\" width=\"1280\" height=\"1280\" src=\"https:\/\/cpsanguesa.educacion.navarra.es\/blogs\/wp-content\/uploads\/2024\/09\/pngegg-1.png\" alt=\"\" class=\"wp-image-5130 size-full\" srcset=\"https:\/\/cpsanguesa.educacion.navarra.es\/blogs\/wp-content\/uploads\/2024\/09\/pngegg-1.png 1280w, https:\/\/cpsanguesa.educacion.navarra.es\/blogs\/wp-content\/uploads\/2024\/09\/pngegg-1-300x300.png 300w, https:\/\/cpsanguesa.educacion.navarra.es\/blogs\/wp-content\/uploads\/2024\/09\/pngegg-1-1024x1024.png 1024w, https:\/\/cpsanguesa.educacion.navarra.es\/blogs\/wp-content\/uploads\/2024\/09\/pngegg-1-150x150.png 150w, https:\/\/cpsanguesa.educacion.navarra.es\/blogs\/wp-content\/uploads\/2024\/09\/pngegg-1-768x768.png 768w\" sizes=\"(max-width: 1280px) 100vw, 1280px\" \/><\/figure><div class=\"wp-block-media-text__content\">\n<p class=\"has-text-color has-ek-indent\" style=\"color:#a81c6d;font-size:25px;--ek-indent:60px\"><strong>HORARIO<\/strong> <\/p>\n\n\n\n<div class=\"wp-container-4 wp-block-group\"><div class=\"wp-block-group__inner-container\">\n<div class=\"wp-container-3 wp-block-group\"><div class=\"wp-block-group__inner-container\">\n<div class=\"wp-container-2 wp-block-group\"><div class=\"wp-block-group__inner-container\">\n<h5 class=\"has-ek-indent\" style=\"--ek-indent:60px\"><strong>De 14:10 h a 15:40 h.<\/strong>                   <\/h5>\n\n\n\n<h5 class=\"has-ek-indent\" style=\"--ek-indent:60px\">De lunes a viernes<\/h5>\n\n\n\n<h5 class=\"has-ek-indent\" style=\"--ek-indent:60px\">Todos los d\u00edas del curso<\/h5>\n<\/div><\/div>\n<\/div><\/div>\n<\/div><\/div>\n<\/div><\/div>\n\n\n\n<div class=\"wp-container-8 wp-block-group alignwide\"><div class=\"wp-block-group__inner-container\">\n<div class=\"wp-block-media-text alignwide has-media-on-the-right is-stacked-on-mobile\" style=\"grid-template-columns:auto 34%\"><figure class=\"wp-block-media-text__media\"><img loading=\"lazy\" width=\"300\" height=\"300\" src=\"https:\/\/cpsanguesa.educacion.navarra.es\/blogs\/wp-content\/uploads\/2024\/09\/pngegg-2-300x300.png\" alt=\"\" class=\"wp-image-5132 size-medium\" srcset=\"https:\/\/cpsanguesa.educacion.navarra.es\/blogs\/wp-content\/uploads\/2024\/09\/pngegg-2-300x300.png 300w, https:\/\/cpsanguesa.educacion.navarra.es\/blogs\/wp-content\/uploads\/2024\/09\/pngegg-2-150x150.png 150w, https:\/\/cpsanguesa.educacion.navarra.es\/blogs\/wp-content\/uploads\/2024\/09\/pngegg-2.png 500w\" sizes=\"(max-width: 300px) 100vw, 300px\" \/><\/figure><div class=\"wp-block-media-text__content\">\n<p class=\"has-text-color\" style=\"color:#1b6078;font-size:25px\"><strong>TARIFAS<\/strong> <\/p>\n\n\n\n<div class=\"wp-container-7 wp-block-group\"><div class=\"wp-block-group__inner-container\">\n<div class=\"wp-container-6 wp-block-group\"><div class=\"wp-block-group__inner-container\">\n<div class=\"wp-container-5 wp-block-group\"><div class=\"wp-block-group__inner-container\">\n<h5>Comensales habituales (los 175 d\u00edas): <strong>7\u20ac<\/strong>\/d\u00eda<\/h5>\n\n\n\n<h5>Otros comensales habituales: <strong>8\u20ac<\/strong>\/d\u00eda<\/h5>\n\n\n\n<h5>Comensales d\u00edas sueltos: <strong>9\u20ac<\/strong>\/d\u00eda<\/h5>\n\n\n\n<h5>Comensales con subvenci\u00f3n:  <strong>2\u20ac<\/strong>\/d\u00eda<\/h5>\n<\/div><\/div>\n<\/div><\/div>\n<\/div><\/div>\n<\/div><\/div>\n<\/div><\/div>\n\n\n\n<p><\/p>\n\n\n\n<div class=\"wp-block-media-text alignwide is-stacked-on-mobile is-vertically-aligned-top\" style=\"grid-template-columns:34% auto\"><figure class=\"wp-block-media-text__media\"><img loading=\"lazy\" width=\"945\" height=\"891\" src=\"https:\/\/cpsanguesa.educacion.navarra.es\/blogs\/wp-content\/uploads\/2024\/09\/pngegg-3.png\" alt=\"\" class=\"wp-image-5134 size-full\" srcset=\"https:\/\/cpsanguesa.educacion.navarra.es\/blogs\/wp-content\/uploads\/2024\/09\/pngegg-3.png 945w, https:\/\/cpsanguesa.educacion.navarra.es\/blogs\/wp-content\/uploads\/2024\/09\/pngegg-3-300x283.png 300w, https:\/\/cpsanguesa.educacion.navarra.es\/blogs\/wp-content\/uploads\/2024\/09\/pngegg-3-768x724.png 768w\" sizes=\"(max-width: 945px) 100vw, 945px\" \/><\/figure><div class=\"wp-block-media-text__content\">\n<p class=\"has-text-color\" style=\"color:#5a731b;font-size:25px\"><strong>FUNCIONAMIENTO<\/strong> <\/p>\n\n\n\n<div class=\"wp-container-11 wp-block-group\"><div class=\"wp-block-group__inner-container\">\n<div class=\"wp-container-10 wp-block-group\"><div class=\"wp-block-group__inner-container\">\n<div class=\"wp-container-9 wp-block-group\"><div class=\"wp-block-group__inner-container\">\n<ul><li>Si se sabe que va a faltar, avisar con al menos <strong>una semana de antelaci\u00f3n.<\/strong><ul><li>Si se avisa con antelaci\u00f3n, se cobrar\u00e1, solamente, el precio de la cuidadora.<\/li><li>Si no se avisa, se cobrar\u00e1 el men\u00fa completo.<\/li><\/ul><\/li><\/ul>\n<\/div><\/div>\n<\/div><\/div>\n<\/div><\/div>\n<\/div><\/div>\n\n\n\n<ul id=\"block-2c9debc1-d3e3-448d-953c-888daed8ef75\"><li>Si falta <strong>en el d\u00eda<\/strong>, avisar <strong>antes de las 9:30 h<\/strong>.<\/li><li>Al alumnado transportado se le cobrar\u00e1 la tarifa habitual<strong>,  <\/strong>tanto si acude al comedor como si no (<em>RESOLUCI\u00d3N 284\/2024<\/em>).<\/li><li>Avisos a trav\u00e9s de  <strong><strong><a href=\"https:\/\/forms.gle\/LP2bypKDGjVoLQRHA\" class=\"ek-link\">ESTE FORMULARIO<\/a><\/strong><\/strong><\/li><\/ul>\n\n\n\n<p><\/p>\n\n\n\n<div class=\"wp-block-media-text alignwide has-media-on-the-right is-stacked-on-mobile is-vertically-aligned-top\" style=\"grid-template-columns:auto 30%\"><figure class=\"wp-block-media-text__media\"><img loading=\"lazy\" width=\"600\" height=\"600\" src=\"https:\/\/cpsanguesa.educacion.navarra.es\/blogs\/wp-content\/uploads\/2024\/09\/pngegg-6.png\" alt=\"\" class=\"wp-image-5146 size-full\" srcset=\"https:\/\/cpsanguesa.educacion.navarra.es\/blogs\/wp-content\/uploads\/2024\/09\/pngegg-6.png 600w, https:\/\/cpsanguesa.educacion.navarra.es\/blogs\/wp-content\/uploads\/2024\/09\/pngegg-6-300x300.png 300w, https:\/\/cpsanguesa.educacion.navarra.es\/blogs\/wp-content\/uploads\/2024\/09\/pngegg-6-150x150.png 150w\" sizes=\"(max-width: 600px) 100vw, 600px\" \/><\/figure><div class=\"wp-block-media-text__content\">\n<p><\/p>\n\n\n\n<p class=\"has-text-color\" style=\"color:#1b6078;font-size:25px\"><strong><span style=\"background-color:#ffffff\" class=\"has-inline-background\">RECOGIDA DEL ALUMNADO<\/span><\/strong><\/p>\n\n\n\n<div class=\"wp-container-14 wp-block-group\"><div class=\"wp-block-group__inner-container\">\n<div class=\"wp-container-13 wp-block-group\"><div class=\"wp-block-group__inner-container\">\n<div class=\"wp-container-12 wp-block-group\"><div class=\"wp-block-group__inner-container\">\n<ul><li>El horario de recogida es a las <strong>15:40 h.<\/strong><\/li><li>Las puertas se abrir\u00e1n <strong>no antes de las 15:35 h.<\/strong><\/li><li>La recogida del alumnado se realiza desde el porche del <strong>patio principal<\/strong>, de manera personalizada.                                                      <\/li><\/ul>\n<\/div><\/div>\n<\/div><\/div>\n<\/div><\/div>\n<\/div><\/div>\n\n\n\n<div class=\"wp-block-media-text alignwide is-stacked-on-mobile\" style=\"grid-template-columns:33% auto\"><figure class=\"wp-block-media-text__media\"><img loading=\"lazy\" width=\"1024\" height=\"576\" src=\"https:\/\/cpsanguesa.educacion.navarra.es\/blogs\/wp-content\/uploads\/2024\/09\/pngegg-4-2-1024x576.png\" alt=\"\" class=\"wp-image-5150 size-full\" srcset=\"https:\/\/cpsanguesa.educacion.navarra.es\/blogs\/wp-content\/uploads\/2024\/09\/pngegg-4-2-1024x576.png 1024w, https:\/\/cpsanguesa.educacion.navarra.es\/blogs\/wp-content\/uploads\/2024\/09\/pngegg-4-2-300x169.png 300w, https:\/\/cpsanguesa.educacion.navarra.es\/blogs\/wp-content\/uploads\/2024\/09\/pngegg-4-2-768x432.png 768w, https:\/\/cpsanguesa.educacion.navarra.es\/blogs\/wp-content\/uploads\/2024\/09\/pngegg-4-2-1536x864.png 1536w, https:\/\/cpsanguesa.educacion.navarra.es\/blogs\/wp-content\/uploads\/2024\/09\/pngegg-4-2.png 1920w\" sizes=\"(max-width: 1024px) 100vw, 1024px\" \/><\/figure><div class=\"wp-block-media-text__content\">\n<p><\/p>\n\n\n\n<p class=\"has-text-align-left has-text-color has-ek-indent\" style=\"color:#a81c6d;font-size:25px;--ek-indent:60px\"><strong>DIETAS ESPECIALES<\/strong> <\/p>\n\n\n\n<div class=\"wp-container-17 wp-block-group\"><div class=\"wp-block-group__inner-container\">\n<div class=\"wp-container-16 wp-block-group\"><div class=\"wp-block-group__inner-container\">\n<div class=\"wp-container-15 wp-block-group\"><div class=\"wp-block-group__inner-container\">\n<ul><li>Actualizar el&nbsp;<strong>informe m\u00e9dico<\/strong>&nbsp;al comienzo de cada curso.<\/li><li>Rellenar la <strong>solicitud <\/strong>disponible en este&nbsp;<a href=\"https:\/\/drive.google.com\/file\/d\/1Fb7WbwXwnJTE-_DhPSVK2X7tktQ2puzx\/view?usp=drive_link\" class=\"ek-link\">enlace.<\/a><\/li><li>Entregar ambos documentos en&nbsp;<strong>Administraci\u00f3n<\/strong>.<\/li><\/ul>\n<\/div><\/div>\n<\/div><\/div>\n<\/div><\/div>\n<\/div><\/div>\n\n\n\n<p><\/p>\n\n\n\n<p><\/p>\n\n\n\n<div class=\"wp-block-media-text is-stacked-on-mobile  has-media-on-the-bottom\" style=\"grid-template-columns:35% auto\"><figure class=\"wp-block-media-text__media\"><a href=\"https:\/\/www.elgustodecrecer.es\/\"><img loading=\"lazy\" width=\"835\" height=\"242\" src=\"https:\/\/cpsanguesa.educacion.navarra.es\/blogs\/wp-content\/uploads\/2024\/09\/toppng.com-aramark-logo-3648x1056-3.png\" alt=\"\" class=\"wp-image-5133 size-full\" srcset=\"https:\/\/cpsanguesa.educacion.navarra.es\/blogs\/wp-content\/uploads\/2024\/09\/toppng.com-aramark-logo-3648x1056-3.png 835w, https:\/\/cpsanguesa.educacion.navarra.es\/blogs\/wp-content\/uploads\/2024\/09\/toppng.com-aramark-logo-3648x1056-3-300x87.png 300w, https:\/\/cpsanguesa.educacion.navarra.es\/blogs\/wp-content\/uploads\/2024\/09\/toppng.com-aramark-logo-3648x1056-3-768x223.png 768w\" sizes=\"(max-width: 835px) 100vw, 835px\" \/><\/a><\/figure><div class=\"wp-block-media-text__content\">\n<div class=\"wp-container-20 wp-block-group\"><div class=\"wp-block-group__inner-container\">\n<div class=\"wp-container-19 wp-block-group\"><div class=\"wp-block-group__inner-container\">\n<div class=\"wp-container-18 wp-block-group\"><div class=\"wp-block-group__inner-container\">\n<h6 class=\"has-text-align-center\">Se puede consultar la web de de la empresa haciendo clic en la imagen inferior.<\/h6>\n<\/div><\/div>\n<\/div><\/div>\n<\/div><\/div>\n<\/div><\/div>\n","protected":false},"excerpt":{"rendered":"<p>FORMULARIO PARA AVISOS DE COMEDOR Plan de Comedor Escolar 2025\/2026 Normativa que regula el servicio de Comedores Escolares de Navarra INSCRIPCI\u00d3N AL COMEDOR (en mayo). No podr\u00e1n realizarse nuevas matr\u00edculas fuera del plazo establecido, salvo por matr\u00edcula sobrevenida, es decir, alumnado de nueva incorporaci\u00f3n al centro fuera de plazo o por motivos de fuerza mayor [&hellip;]<\/p>\n","protected":false},"author":1,"featured_media":0,"parent":10,"menu_order":3,"comment_status":"closed","ping_status":"closed","template":"","meta":{"_editorskit_title_hidden":false,"_editorskit_reading_time":2,"_editorskit_is_block_options_detached":false,"_editorskit_block_options_position":"{}","_genesis_hide_title":false,"_genesis_hide_breadcrumbs":false,"_genesis_hide_singular_image":false,"_genesis_hide_footer_widgets":false,"_genesis_custom_body_class":"","_genesis_custom_post_class":"","_genesis_layout":"","ngg_post_thumbnail":0},"_links":{"self":[{"href":"https:\/\/cpsanguesa.educacion.navarra.es\/blogs\/wp-json\/wp\/v2\/pages\/35"}],"collection":[{"href":"https:\/\/cpsanguesa.educacion.navarra.es\/blogs\/wp-json\/wp\/v2\/pages"}],"about":[{"href":"https:\/\/cpsanguesa.educacion.navarra.es\/blogs\/wp-json\/wp\/v2\/types\/page"}],"author":[{"embeddable":true,"href":"https:\/\/cpsanguesa.educacion.navarra.es\/blogs\/wp-json\/wp\/v2\/users\/1"}],"replies":[{"embeddable":true,"href":"https:\/\/cpsanguesa.educacion.navarra.es\/blogs\/wp-json\/wp\/v2\/comments?post=35"}],"version-history":[{"count":0,"href":"https:\/\/cpsanguesa.educacion.navarra.es\/blogs\/wp-json\/wp\/v2\/pages\/35\/revisions"}],"up":[{"embeddable":true,"href":"https:\/\/cpsanguesa.educacion.navarra.es\/blogs\/wp-json\/wp\/v2\/pages\/10"}],"wp:attachment":[{"href":"https:\/\/cpsanguesa.educacion.navarra.es\/blogs\/wp-json\/wp\/v2\/media?parent=35"}],"curies":[{"name":"wp","href":"https:\/\/api.w.org\/{rel}","templated":true}]}}