{"id":46,"date":"2011-10-13T00:00:00","date_gmt":"2011-10-12T22:00:00","guid":{"rendered":"http:\/\/cpsanguesa.educacion.navarra.es\/blogs\/?page_id=46"},"modified":"2026-02-04T17:38:30","modified_gmt":"2026-02-04T16:38:30","slug":"localizacion","status":"publish","type":"page","link":"https:\/\/cpsanguesa.educacion.navarra.es\/blogs\/nuestro-centro\/localizacion\/","title":{"rendered":"Misi\u00f3n, Visi\u00f3n y Valores"},"content":{"rendered":"<figure class=\"wp-block-image size-full is-resized\"><a href=\"https:\/\/cpsanguesa.educacion.navarra.es\/blogs\/wp-content\/uploads\/2022\/10\/puzzle-mision-vision-valores.png\" data-featherlight=\"image\"><img loading=\"lazy\" class=\"wp-image-4362\" src=\"https:\/\/cpsanguesa.educacion.navarra.es\/blogs\/wp-content\/uploads\/2022\/10\/puzzle-mision-vision-valores.png\" sizes=\"(max-width: 581px) 100vw, 581px\" srcset=\"https:\/\/cpsanguesa.educacion.navarra.es\/blogs\/wp-content\/uploads\/2022\/10\/puzzle-mision-vision-valores.png 537w, https:\/\/cpsanguesa.educacion.navarra.es\/blogs\/wp-content\/uploads\/2022\/10\/puzzle-mision-vision-valores-300x127.png 300w\" alt=\"\" width=\"581\" height=\"247\"><\/a><\/figure>\n<p>&nbsp;<\/p>\n<p class=\"has-text-color\"><a class=\"ek-link\" href=\"https:\/\/cpsanguesa.educacion.navarra.es\/blogs\/wp-content\/uploads\/2022\/10\/DC0007-LG_MISION-VISION-VALORES-Es-Registro-1.pdf\"><img loading=\"lazy\" class=\"wp-image-70\" src=\"https:\/\/cpsanguesa.educacion.navarra.es\/blogs\/wp-content\/uploads\/2011\/08\/pdf-07-red.png\" alt=\"\" width=\"32\" height=\"23\"><\/a>&nbsp;<strong><span style=\"color: #1b6078;\"><a href=\"https:\/\/docs.google.com\/document\/d\/1k_x9YolXEyhaMZv5PEa-xyreURzpe3ExWIs9ZL836Hk\/edit?usp=drive_link\">Misi\u00f3n, Visi\u00f3n y Valores del CPEIP Luis Gil<\/a>.<\/span><\/strong><\/p>\n<p class=\"has-text-color\"><span style=\"color: #a81c6d;\"><strong>Misi\u00f3n<\/strong><\/span><\/p>\n<p>Es aquello a cuyo cumplimiento debe dirigirse nuestro trabajo en el colegio, la raz\u00f3n<br \/>\nde ser, aquello para lo que existimos, qui\u00e9nes somos.<\/p>\n<p class=\"has-text-color\"><span style=\"color: #a81c6d;\"><strong>Visi\u00f3n<\/strong><\/span><\/p>\n<p>Es aquello hacia lo que queremos avanzar a medio y largo plazo, es nuestra<br \/>\naspiraci\u00f3n, nuestro deseo. Lo que queremos ser como centro educativo.<\/p>\n<p class=\"has-text-color\"><span style=\"color: #a81c6d;\"><strong>Valores<\/strong><\/span><\/p>\n<p>Para alcanzar nuestros objetivos, nos comprometemos a impulsar en la<br \/>\norganizaci\u00f3n del centro unos principios de comportamiento fundamentales.<\/p>\n<h6>&nbsp;<\/h6>\n","protected":false},"excerpt":{"rendered":"<p>&nbsp; &nbsp;Misi\u00f3n, Visi\u00f3n y Valores del CPEIP Luis Gil. Misi\u00f3n Es aquello a cuyo cumplimiento debe dirigirse nuestro trabajo en el colegio, la raz\u00f3n de ser, aquello para lo que existimos, qui\u00e9nes somos. Visi\u00f3n Es aquello hacia lo que queremos avanzar a medio y largo plazo, es nuestra aspiraci\u00f3n, nuestro deseo. Lo que queremos ser [&hellip;]<\/p>\n","protected":false},"author":1,"featured_media":0,"parent":9,"menu_order":1,"comment_status":"closed","ping_status":"closed","template":"","meta":{"_editorskit_title_hidden":false,"_editorskit_reading_time":1,"_editorskit_is_block_options_detached":false,"_editorskit_block_options_position":"{}","_genesis_hide_title":false,"_genesis_hide_breadcrumbs":false,"_genesis_hide_singular_image":false,"_genesis_hide_footer_widgets":false,"_genesis_custom_body_class":"","_genesis_custom_post_class":"","_genesis_layout":"","ngg_post_thumbnail":0},"_links":{"self":[{"href":"https:\/\/cpsanguesa.educacion.navarra.es\/blogs\/wp-json\/wp\/v2\/pages\/46"}],"collection":[{"href":"https:\/\/cpsanguesa.educacion.navarra.es\/blogs\/wp-json\/wp\/v2\/pages"}],"about":[{"href":"https:\/\/cpsanguesa.educacion.navarra.es\/blogs\/wp-json\/wp\/v2\/types\/page"}],"author":[{"embeddable":true,"href":"https:\/\/cpsanguesa.educacion.navarra.es\/blogs\/wp-json\/wp\/v2\/users\/1"}],"replies":[{"embeddable":true,"href":"https:\/\/cpsanguesa.educacion.navarra.es\/blogs\/wp-json\/wp\/v2\/comments?post=46"}],"version-history":[{"count":0,"href":"https:\/\/cpsanguesa.educacion.navarra.es\/blogs\/wp-json\/wp\/v2\/pages\/46\/revisions"}],"up":[{"embeddable":true,"href":"https:\/\/cpsanguesa.educacion.navarra.es\/blogs\/wp-json\/wp\/v2\/pages\/9"}],"wp:attachment":[{"href":"https:\/\/cpsanguesa.educacion.navarra.es\/blogs\/wp-json\/wp\/v2\/media?parent=46"}],"curies":[{"name":"wp","href":"https:\/\/api.w.org\/{rel}","templated":true}]}}