{"id":4703,"date":"2023-07-02T19:28:28","date_gmt":"2023-07-02T17:28:28","guid":{"rendered":"https:\/\/cpsanguesa.educacion.navarra.es\/blogs\/?page_id=4703"},"modified":"2023-07-26T13:15:22","modified_gmt":"2023-07-26T11:15:22","slug":"seccion-esta-semana-2022-2023","status":"publish","type":"page","link":"https:\/\/cpsanguesa.educacion.navarra.es\/blogs\/seccion-esta-semana-2022-2023\/","title":{"rendered":"Secci\u00f3n \u2018Esta semana\u2026\u2019 2022-2023"},"content":{"rendered":"<div class=\"content-box-blue\">Esta secci\u00f3n recoge los art\u00edculos que se seleccionan cada semana con objeto de ofrecer a los padres y madres contenidos \u00fatiles para la educaci\u00f3n de sus hijos e hijas.<\/div>\n<p><span style=\"color: #ab2668;\"><strong>Semana 36: <a href=\"https:\/\/elpais.com\/educacion\/2023-07-23\/el-eterno-debate-de-los-deberes-de-verano-aprendizaje-o-descanso.html\" target=\"_blank\" rel=\"noopener\">El eterno debate de los deberes de verano: \u00bfaprendizaje o descanso?<\/a><\/strong><\/span><\/p>\n<p><span style=\"color: #ab2668;\"><strong>Semana 35: <a href=\"https:\/\/elpais.com\/mamas-papas\/expertos\/2023-06-24\/me-dais-la-paga-la-importancia-de-que-ninos-y-adolescentes-aprendan-sobre-el-dinero.html\" target=\"_blank\" rel=\"noopener\">\u201c\u00bfMe dais la paga?\u201d: la importancia de que ni\u00f1os y adolescentes aprendan sobre el dinero.<\/a><\/strong><\/span><\/p>\n<p><span style=\"color: #ab2668;\"><strong>Semana 34: <a class=\"customize-unpreviewable\" href=\"https:\/\/elpais.com\/mamas-papas\/expertos\/2023-06-14\/el-peligro-de-criar-hijos-demasiado-narcisistas.html\" target=\"_blank\" rel=\"noopener\">El peligro de criar hijos\/hijas demasiado narcisistas.<\/a><\/strong><\/span><\/p>\n<p><span style=\"color: #ab2668;\"><strong>Semana 33: <a href=\"https:\/\/elpais.com\/mamas-papas\/expertos\/2023-06-03\/si-pierdes-los-nervios-o-alzas-la-voz-es-normal-ser-padre-es-el-oficio-mas-dificil-del-mundo.html\" target=\"_blank\" rel=\"noopener\">Si pierdes los nervios o alzas la voz es normal: ser padre o madre es el oficio m\u00e1s dif\u00edcil del mundo.<\/a><\/strong><\/span><\/p>\n<p><span style=\"color: #ab2668;\"><strong>Semana 32: <a href=\"https:\/\/elpais.com\/mamas-papas\/expertos\/2023-05-26\/rafa-guerrero-psicologo-poner-limites-a-los-hijos-es-obligatorio-estipularlos-fortalece-la-comunicacion-promueve-la-convivencia-y-anticipa-conflictos.html\" target=\"_blank\" rel=\"noopener\">\u201cPoner l\u00edmites a los hijos e hijas es obligatorio, estipularlos fortalece la comunicaci\u00f3n, promueve la convivencia y anticipa conflictos\u201d<\/a><\/strong><\/span><\/p>\n<p><span style=\"color: #ab2668;\"><strong>Semana 31: <a href=\"https:\/\/elpais.com\/mamas-papas\/familia\/2023-05-28\/por-que-es-importante-y-ahorra-conflictos-que-los-ninos-elijan-como-quieren-vestirse.html\" target=\"_blank\" rel=\"noopener\">Por qu\u00e9 es importante (y ahorra conflictos) que los ni\u00f1os y ni\u00f1as elijan c\u00f3mo quieren vestirse.<\/a><\/strong><\/span><\/p>\n<p><span style=\"color: #ab2668;\"><strong>Semana 30: <a href=\"https:\/\/elpais.com\/mamas-papas\/expertos\/2023-05-12\/un-hijo-no-ha-nacido-para-cumplir-los-suenos-de-sus-padres-por-que-es-importante-tener-expectativas-acertadas.html\" target=\"_blank\" rel=\"noopener\">Un hijo no ha nacido para cumplir los sue\u00f1os de sus padres: por qu\u00e9 es importante tener expectativas acertadas.<\/a><\/strong><\/span><\/p>\n<p><span style=\"color: #ab2668;\"><strong>Semana 29: <a class=\"customize-unpreviewable\" href=\"https:\/\/elpais.com\/mamas-papas\/familia\/2023-05-01\/los-clubes-de-lectura-tambien-son-para-ninos.html\" target=\"_blank\" rel=\"noopener\">Los clubes de lectura tambi\u00e9n son para ni\u00f1os\/as.<\/a><\/strong><\/span><\/p>\n<p><span style=\"color: #ab2668;\"><strong>Semana 28: <a class=\"customize-unpreviewable\" href=\"https:\/\/elpais.com\/mamas-papas\/2023-02-27\/pedro-vaquero-escritor-competir-con-el-torrente-de-dopamina-que-generan-las-pantallas-es-un-gran-desafio.html\" target=\"_blank\" rel=\"noopener\">\u201cCompetir con el torrente de dopamina que generan las pantallas es un gran desaf\u00edo\u201d<\/a><\/strong><\/span><\/p>\n<p><span style=\"color: #ab2668;\"><strong>Semana 27: <a href=\"https:\/\/elpais.com\/mamas-papas\/actualidad\/2023-04-15\/el-auge-de-los-albumes-ilustrados-informativos-para-ninos-buen-diseno-y-mejores-historias-en-la-era-de-la-sobreinformacion.html\" target=\"_blank\" rel=\"noopener\">El auge de los \u00e1lbumes ilustrados informativos para ni\u00f1os y ni\u00f1as: buen dise\u00f1o y mejores historias en la era de la sobreinformaci\u00f3n.<\/a><\/strong><\/span><\/p>\n<p><span style=\"color: #ab2668;\"><strong>Semana 26: <a class=\"customize-unpreviewable\" href=\"https:\/\/elpais.com\/mamas-papas\/expertos\/2023-04-05\/besar-y-abrazar-a-tu-hijo-no-es-malcriarle-es-apostar-por-un-modelo-de-crianza-basado-en-el-afecto.html\" target=\"_blank\" rel=\"noopener\">Besar y abrazar a tu hijo\/a no es malcriarle, es apostar por un modelo de crianza basado en el afecto.<\/a><\/strong><\/span><\/p>\n<p><span style=\"color: #ab2668;\"><strong>Semana 25: <em><a class=\"customize-unpreviewable\" href=\"https:\/\/elpais.com\/mamas-papas\/expertos\/2023-03-24\/paola-roig-psicologa-perinatal-una-de-las-bases-de-la-crianza-suficientemente-buena-es-atender-las-necesidades-del-nino-un-60-de-las-veces.html\" target=\"_blank\" rel=\"noopener\">\u201cUna de las bases de la crianza suficientemente buena es atender las necesidades del ni\u00f1o un 60% de las veces\u201d.<\/a><\/em><\/strong><\/span><\/p>\n<p><span style=\"color: #ab2668;\"><strong>Semana 24: <a href=\"https:\/\/elpais.com\/mamas-papas\/expertos\/2023-03-25\/cuatro-claves-para-que-la-maternidad-o-la-paternidad-no-te-supere.html\" target=\"_blank\" rel=\"noopener\">Cuatro claves para que la maternidad o la paternidad no te supere.<\/a><\/strong><\/span><\/p>\n<p><span style=\"color: #ab2668;\"><strong>Semana 23: <a href=\"https:\/\/elpais.com\/mamas-papas\/actualidad\/2023-03-15\/rcp-en-el-colegio-la-importancia-de-ensenar-a-los-ninos-a-reanimar-a-una-persona-en-parada-cardiaca.html\" target=\"_blank\" rel=\"noopener\">RCP en el colegio: la importancia de ense\u00f1ar a los ni\u00f1os y ni\u00f1as a reanimar a una persona en parada cardiaca.<\/a><\/strong><\/span><\/p>\n<p><span style=\"color: #ab2668;\"><strong>Semana 22: <a href=\"https:\/\/elpais.com\/mamas-papas\/2023-02-24\/los-cuatro-rasgos-que-definen-a-los-ninos-altamente-sensibles-que-perciben-el-mundo-de-forma-diferente.html#?rel=lom\" target=\"_blank\" rel=\"noopener\">Los cuatro rasgos que definen a los ni\u00f1os y ni\u00f1as altamente sensibles, que perciben el mundo de forma diferente.<\/a><\/strong><\/span><\/p>\n<p><span style=\"color: #ab2668;\"><strong>Semana 21: <a class=\"customize-unpreviewable\" href=\"https:\/\/elpais.com\/mamas-papas\/expertos\/2023-03-01\/ninos-dictadores-como-atajar-el-sindrome-del-emperador.html\" target=\"_blank\" rel=\"noopener\">Ni\u00f1os dictadores: c\u00f3mo atajar el s\u00edndrome del emperador.<\/a><\/strong><\/span><\/p>\n<p><span style=\"color: #ab2668;\"><strong>Semana 20: <a href=\"https:\/\/elpais.com\/mamas-papas\/familia\/2023-02-16\/que-estamos-haciendo-mal-la-eterna-pregunta-que-se-hacen-padres-y-madres.html\" target=\"_blank\" rel=\"noopener\">\u00bfQu\u00e9 estamos haciendo mal? La eterna pregunta que se hacen padres y madres.<\/a><\/strong><\/span><\/p>\n<p><span style=\"color: #ab2668;\"><strong>Semana 19: <a href=\"https:\/\/elpais.com\/mamas-papas\/expertos\/2023-02-12\/el-equilibrio-entre-el-afecto-y-la-exigencia-clave-en-la-crianza-de-los-hijos.html\" target=\"_blank\" rel=\"noopener\">El equilibrio entre el afecto y la exigencia, clave en la crianza de los hijos e hijas.<\/a><\/strong><\/span><\/p>\n<p><span style=\"color: #ab2668;\"><strong>Semana 18: <a class=\"customize-unpreviewable\" href=\"https:\/\/elpais.com\/mamas-papas\/familia\/2023-01-26\/por-que-se-hacen-pis-de-noche-los-ninos-mayores-de-cinco-anos.html\" target=\"_blank\" rel=\"noopener\">\u00bfPor qu\u00e9 se hacen pis de noche los ni\u00f1os mayores de cinco a\u00f1os?<\/a><\/strong><\/span><\/p>\n<p><span style=\"color: #ab2668;\"><strong>Semana 17: <a href=\"https:\/\/elpais.com\/mamas-papas\/familia\/2023-01-21\/dia-mundial-del-abrazo-ni-todos-son-iguales-ni-tienen-el-mismo-efecto-en-ninos-y-mayores.html\" target=\"_blank\" rel=\"noopener\">D\u00eda mundial del abrazo: ni todos son iguales ni tienen el mismo efecto en ni\u00f1os y mayores.<\/a><\/strong><\/span><\/p>\n<p><span style=\"color: #ab2668;\"><strong>Semana 16: <a href=\"https:\/\/elpais.com\/mamas-papas\/2021-07-01\/mi-hijo-me-falta-al-respeto-que-puedo-hacer.html#?rel=lom\" target=\"_blank\" rel=\"noopener\">Mi hijo\/a me falta al respeto, \u00bfqu\u00e9 puedo hacer?<\/a><\/strong><\/span><\/p>\n<p><span style=\"color: #ab2668;\"><strong>Semana 15: <a href=\"https:\/\/elpais.com\/mamas-papas\/familia\/2022-12-17\/dar-mensajes-claros-estar-serenos-y-otras-claves-para-educar-a-los-hijos-sin-gritos.html\" target=\"_blank\" rel=\"noopener\">Dar mensajes claros, estar serenos y otras claves para educar a los hijos e hijas sin gritos.<\/a><\/strong><\/span><\/p>\n<p><span style=\"color: #ab2668;\"><strong>Semana 14: <a href=\"https:\/\/elpais.com\/mamas-papas\/familia\/2022-12-14\/como-abrigar-bien-a-los-ninos-en-invierno-una-pista-no-todos-sienten-igual-el-frio.html\" target=\"_blank\" rel=\"noopener\">C\u00f3mo abrigar bien a los ni\u00f1os y ni\u00f1as en invierno. Una pista: no todos sienten igual el fr\u00edo.<\/a><\/strong><\/span><\/p>\n<p><span style=\"color: #ab2668;\"><strong>Semana 13: <a href=\"https:\/\/elpais.com\/mamas-papas\/familia\/2022-12-11\/la-regla-de-los-cuatro-juguetes-y-otras-estrategias-para-elegir-regalos-de-navidad-con-los-ninos.html\" target=\"_blank\" rel=\"noopener\">La regla de los cuatro juguetes y otras estrategias para elegir regalos de Navidad con los ni\u00f1os y ni\u00f1as.<\/a><\/strong><\/span><\/p>\n<p><span style=\"color: #ab2668;\"><strong>Semana 12: <a class=\"customize-unpreviewable\" href=\"https:\/\/elpais.com\/mamas-papas\/expertos\/2022-12-04\/arte-y-creatividad-para-gestionar-las-emociones-de-los-ninos-y-su-relacion-con-el-mundo.html\" target=\"_blank\" rel=\"noopener\">Arte y creatividad para gestionar las emociones de los ni\u00f1os y ni\u00f1as y su relaci\u00f3n con el mundo.<\/a><\/strong><\/span><\/p>\n<p><span style=\"color: #ab2668;\"><strong>Semana 11: <a href=\"https:\/\/elpais.com\/mamas-papas\/familia\/2022-11-26\/los-beneficios-de-un-buen-desayuno-para-los-ninos-estimula-la-concentracion-y-mejora-el-rendimiento.html\" target=\"_blank\" rel=\"noopener\">Los beneficios de un buen desayuno para los ni\u00f1os: estimula la concentraci\u00f3n y mejora el rendimiento.<\/a><\/strong><\/span><\/p>\n<p><span style=\"color: #ab2668;\"><strong>Semana 10: <a href=\"https:\/\/elpais.com\/mamas-papas\/expertos\/2022-11-12\/los-riesgos-de-no-educar-a-los-hijos-en-la-cultura-del-esfuerzo-adultos-dependientes-insatisfechos-y-despotas.html\" target=\"_blank\" rel=\"noopener\">Los riesgos de no educar a los hijos en la cultura del esfuerzo: adultos dependientes, insatisfechos y d\u00e9spotas.<\/a><\/strong><\/span><\/p>\n<p><span style=\"color: #ab2668;\"><strong>Semana 9: <a href=\"https:\/\/elpais.com\/mamas-papas\/expertos\/2022-11-13\/alvaro-bilbao-neuropsicologo-los-padres-tenemos-que-aprender-a-decir-lo-siento-y-a-pedir-perdon.html\" target=\"_blank\" rel=\"noopener\">Los padres tenemos que aprender a decir lo siento y a pedir perd\u00f3n.<\/a><\/strong><\/span><\/p>\n<p><span style=\"color: #ab2668;\"><strong>Semana 8 : <a href=\"https:\/\/elpais.com\/mamas-papas\/expertos\/2022-10-31\/asi-pueden-conseguir-padres-y-madres-que-sus-hijos-participen-en-las-rutinas-diarias-de-casa.html\" target=\"_blank\" rel=\"noopener\">As\u00ed pueden conseguir padres y madres que sus hijos e hijas participen en las rutinas diarias de casa.<\/a><br \/>\n<\/strong><\/span><\/p>\n<p><span style=\"color: #ab2668;\"><strong>Semana 7: <a href=\"https:\/\/elpais.com\/mamas-papas\/actualidad\/2022-10-19\/si-pilar-rubio-las-tutorias-son-necesarias.html\" target=\"_blank\" rel=\"noopener\">S\u00ed, Pilar Rubio, las tutor\u00edas son necesarias.<\/a><\/strong><\/span><\/p>\n<p><span style=\"color: #ab2668;\"><strong>Semana 6: <a class=\"customize-unpreviewable\" href=\"https:\/\/elpais.com\/mamas-papas\/familia\/2022-10-23\/la-asignatura-mas-importante-del-curso-la-empatia.html\" target=\"_blank\" rel=\"noopener\">La asignatura m\u00e1s importante del curso: la empat\u00eda.<\/a><\/strong><\/span><\/p>\n<p><span style=\"color: #ab2668;\"><strong>Semana 5: <a href=\"https:\/\/elpais.com\/mamas-papas\/expertos\/2022-10-15\/disciplina-positiva-cuando-alejarse-de-los-castigos-y-los-gritos-cria-a-un-hijo-mejor.html\" target=\"_blank\" rel=\"noopener\">Disciplina positiva: cuando alejarse de los castigos y los gritos cr\u00eda a un\/a hijo\/a mejor.<\/a><\/strong><\/span><\/p>\n<p><span style=\"color: #ab2668;\"><strong>Semana 4: <a href=\"https:\/\/elpais.com\/mamas-papas\/primera-persona\/2022-08-19\/en-busca-de-la-felicidad-orgullo-de-padre.html\" target=\"_blank\" rel=\"noopener\">\u2018En busca de la felicidad\u2019: orgullo de padre\/madre.<\/a><\/strong><\/span><\/p>\n<p><span style=\"color: #ab2668;\"><strong>Semana 3: <a class=\"customize-unpreviewable\" href=\"https:\/\/elpais.com\/mamas-papas\/familia\/2022-10-01\/por-que-es-importante-estimular-la-resiliencia-en-los-ninos.html\" target=\"_blank\" rel=\"noopener\">Por qu\u00e9 es importante estimular la resiliencia en los ni\u00f1os y ni\u00f1as.<\/a><br \/>\n<\/strong><\/span><\/p>\n<p><span style=\"color: #ab2668;\"><strong>Semana 2: <a href=\"https:\/\/elpais.com\/mamas-papas\/familia\/2022-09-23\/asi-se-puede-ayudar-a-un-nino-que-padece-ansiedad.html\" target=\"_blank\" rel=\"noopener\">As\u00ed se puede ayudar a un\/a ni\u00f1o\/a que padece ansiedad.<\/a><\/strong><\/span><\/p>\n<p><span style=\"color: #ab2668;\"><strong>Semana 1:<\/strong><\/span> <a href=\"https:\/\/elpais.com\/mamas-papas\/primera-persona\/2022-09-13\/colegios-abiertos-de-sol-a-sol-no-necesitamos-mas-tiempo-para-trabajar-sino-para-vivir.html\" target=\"_blank\" rel=\"noopener\"><strong>\u00bfColegios abiertos de sol a sol? No necesitamos m\u00e1s tiempo para trabajar, sino para vivir.<\/strong><\/a><\/p>\n","protected":false},"excerpt":{"rendered":"<p>Esta secci\u00f3n recoge los art\u00edculos que se seleccionan cada semana con objeto de ofrecer a los padres y madres contenidos \u00fatiles para la educaci\u00f3n de sus hijos e hijas. Semana 36: El eterno debate de los deberes de verano: \u00bfaprendizaje o descanso? Semana 35: \u201c\u00bfMe dais la paga?\u201d: la importancia de que ni\u00f1os y adolescentes [&hellip;]<\/p>\n","protected":false},"author":1,"featured_media":0,"parent":0,"menu_order":0,"comment_status":"closed","ping_status":"closed","template":"","meta":{"_editorskit_title_hidden":false,"_editorskit_reading_time":0,"_editorskit_is_block_options_detached":false,"_editorskit_block_options_position":"{}","_genesis_hide_title":false,"_genesis_hide_breadcrumbs":false,"_genesis_hide_singular_image":false,"_genesis_hide_footer_widgets":false,"_genesis_custom_body_class":"","_genesis_custom_post_class":"","_genesis_layout":"","ngg_post_thumbnail":0},"_links":{"self":[{"href":"https:\/\/cpsanguesa.educacion.navarra.es\/blogs\/wp-json\/wp\/v2\/pages\/4703"}],"collection":[{"href":"https:\/\/cpsanguesa.educacion.navarra.es\/blogs\/wp-json\/wp\/v2\/pages"}],"about":[{"href":"https:\/\/cpsanguesa.educacion.navarra.es\/blogs\/wp-json\/wp\/v2\/types\/page"}],"author":[{"embeddable":true,"href":"https:\/\/cpsanguesa.educacion.navarra.es\/blogs\/wp-json\/wp\/v2\/users\/1"}],"replies":[{"embeddable":true,"href":"https:\/\/cpsanguesa.educacion.navarra.es\/blogs\/wp-json\/wp\/v2\/comments?post=4703"}],"version-history":[{"count":0,"href":"https:\/\/cpsanguesa.educacion.navarra.es\/blogs\/wp-json\/wp\/v2\/pages\/4703\/revisions"}],"wp:attachment":[{"href":"https:\/\/cpsanguesa.educacion.navarra.es\/blogs\/wp-json\/wp\/v2\/media?parent=4703"}],"curies":[{"name":"wp","href":"https:\/\/api.w.org\/{rel}","templated":true}]}}