{"id":4892,"date":"2024-01-25T15:16:04","date_gmt":"2024-01-25T14:16:04","guid":{"rendered":"https:\/\/cpsanguesa.educacion.navarra.es\/blogs\/?page_id=4892"},"modified":"2024-02-18T23:56:16","modified_gmt":"2024-02-18T22:56:16","slug":"jornada-continua-3","status":"publish","type":"page","link":"https:\/\/cpsanguesa.educacion.navarra.es\/blogs\/jornada-continua-3\/","title":{"rendered":"JORNADA ESCOLAR"},"content":{"rendered":"\n<div class=\"wp-block-media-text alignfull has-media-on-the-right is-stacked-on-mobile is-vertically-aligned-center\" style=\"grid-template-columns:auto 40%\"><figure class=\"wp-block-media-text__media\"><img loading=\"lazy\" width=\"600\" height=\"600\" src=\"https:\/\/cpsanguesa.educacion.navarra.es\/blogs\/wp-content\/uploads\/2024\/02\/urna-2.png\" alt=\"\" class=\"wp-image-4955 size-full\" srcset=\"https:\/\/cpsanguesa.educacion.navarra.es\/blogs\/wp-content\/uploads\/2024\/02\/urna-2.png 600w, https:\/\/cpsanguesa.educacion.navarra.es\/blogs\/wp-content\/uploads\/2024\/02\/urna-2-300x300.png 300w, https:\/\/cpsanguesa.educacion.navarra.es\/blogs\/wp-content\/uploads\/2024\/02\/urna-2-150x150.png 150w\" sizes=\"(max-width: 600px) 100vw, 600px\" \/><\/figure><div class=\"wp-block-media-text__content\">\n<h3><strong>PARA ACCEDER A LA VOTACI\u00d3N TELEM\u00c1TICA PARA LA ELECCI\u00d3N DE LA JORNADA ESCOLAR HAZ CLIC&nbsp;<a href=\"https:\/\/educavote.educacion.navarra.es\/educavote2\/#\/votacion\">AQU\u00cd<\/a><\/strong><\/h3>\n\n\n\n<p>Votaci\u00f3n Telem\u00e1tica: <strong>19, 20 y 21 de febrero<\/strong>.               Votaci\u00f3n presencial: <strong>22 de febrero<\/strong>. <\/p>\n\n\n\n<p><a href=\"https:\/\/www.youtube.com\/watch?v=knCfpNSvazI\" class=\"ek-link\">Video de ayuda<\/a><\/p>\n<\/div><\/div>\n\n\n\n<hr class=\"wp-block-separator\"\/>\n\n\n\n<div class=\"wp-block-media-text alignfull is-stacked-on-mobile is-vertically-aligned-center\" style=\"grid-template-columns:48% auto\"><figure class=\"wp-block-media-text__media\"><img loading=\"lazy\" width=\"280\" height=\"144\" src=\"https:\/\/cpsanguesa.educacion.navarra.es\/blogs\/wp-content\/uploads\/2024\/02\/consulta_censo.png\" alt=\"\" class=\"wp-image-4954 size-full\"\/><\/figure><div class=\"wp-block-media-text__content\">\n<h4>PARA ACCEDER A LA CONSULTA DEL CENSO PARA LA VOTACI\u00d3N DE LA JORNADA ESCOLAR HAZ CLIC&nbsp;<a href=\"https:\/\/educavote.educacion.navarra.es\/educavote2\/#\/votacion\">AQU\u00cd<\/a><\/h4>\n\n\n\n<p><strong>Del 2 al 15 de febrero en EducaVote<\/strong><\/p>\n\n\n\n<p><a href=\"https:\/\/youtu.be\/o9Gv-mKO9LA\" class=\"ek-link\">V\u00cdDEO DE AYUDA<\/a><\/p>\n<\/div><\/div>\n\n\n\n<p><\/p>\n\n\n\n<p><\/p>\n\n\n\n<p class=\"has-text-align-left\"><\/p>\n\n\n\n<p><\/p>\n\n\n\n<hr class=\"wp-block-separator\"\/>\n\n\n\n<div style=\"width: 100%;\"><div style=\"position: relative; padding-bottom: 56.25%; padding-top: 0; height: 0;\"><iframe loading=\"lazy\" title=\"Jornada Continua\" frameborder=\"0\" width=\"1200\" height=\"675\" style=\"position: absolute; top: 0; left: 0; width: 100%; height: 100%;\" src=\"https:\/\/view.genial.ly\/65b3d266a3875100142e54f4\" type=\"text\/html\" allowscriptaccess=\"always\" allowfullscreen=\"true\" scrolling=\"yes\" allownetworking=\"all\"><\/iframe> <\/div> <\/div>\n\n\n\n<p><\/p>\n\n\n\n<!--more-->\n\n\n\n<p class=\"has-text-align-justify\">El pasado 27 de noviembre se publicaba en el BON la <strong><em><a href=\"https:\/\/www.lexnavarra.navarra.es\/detalle.asp?r=56532\">Orden Foral 106\/2023 de 9 de noviembre<\/a><\/em><\/strong><em>, <\/em>seg\u00fan la cual <em><b>en el curso 2024\/2025 la modalidad de jornada escolar predeterminada para todos los centros educativos de Educaci\u00f3n <\/b><\/em><strong><em>infantil y primaria ser\u00e1 la JORNADA ESCOLAR PARTIDA<\/em><\/strong>, con clases por la ma\u00f1ana y por la tarde.<\/p>\n\n\n\n<p class=\"has-text-align-justify\">El 18 de diciembre se publicaba mediante <em><strong><a href=\"https:\/\/bon.navarra.es\/es\/anuncio\/-\/texto\/2023\/260\/5\">Resoluci\u00f3n 479\/2023<\/a><\/strong>, de 30 de noviembre<\/em>, <em>la <strong>CONVOCATORIA para la elecci\u00f3n de la modalidad de jornada escolar continua o de la modalidad de jornada escolar flexible<\/strong>, a implantar en el curso 2024\/2025<\/em>.<\/p>\n\n\n\n<p class=\"has-text-align-justify\">Desde el CPEIP Luis Gil, reunido el Consejo Escolar, se ha iniciado el proceso para participar en esta convocatoria para <strong>mantener la JORNADA ESCOLAR CONTINUA<\/strong> como viene siendo hasta ahora.<\/p>\n\n\n\n<p><\/p>\n\n\n\n<figure class=\"wp-block-image size-large\"><a href=\"https:\/\/cpsanguesa.educacion.navarra.es\/blogs\/wp-content\/uploads\/2024\/02\/Grey-Laptop-Promo-Poster-1.png\"><img loading=\"lazy\" width=\"724\" height=\"1024\" src=\"https:\/\/cpsanguesa.educacion.navarra.es\/blogs\/wp-content\/uploads\/2024\/02\/Grey-Laptop-Promo-Poster-1-724x1024.png\" alt=\"\" class=\"wp-image-4936\" srcset=\"https:\/\/cpsanguesa.educacion.navarra.es\/blogs\/wp-content\/uploads\/2024\/02\/Grey-Laptop-Promo-Poster-1-724x1024.png 724w, https:\/\/cpsanguesa.educacion.navarra.es\/blogs\/wp-content\/uploads\/2024\/02\/Grey-Laptop-Promo-Poster-1-212x300.png 212w, https:\/\/cpsanguesa.educacion.navarra.es\/blogs\/wp-content\/uploads\/2024\/02\/Grey-Laptop-Promo-Poster-1-768x1086.png 768w, https:\/\/cpsanguesa.educacion.navarra.es\/blogs\/wp-content\/uploads\/2024\/02\/Grey-Laptop-Promo-Poster-1-1086x1536.png 1086w, https:\/\/cpsanguesa.educacion.navarra.es\/blogs\/wp-content\/uploads\/2024\/02\/Grey-Laptop-Promo-Poster-1-1448x2048.png 1448w, https:\/\/cpsanguesa.educacion.navarra.es\/blogs\/wp-content\/uploads\/2024\/02\/Grey-Laptop-Promo-Poster-1.png 1587w\" sizes=\"(max-width: 724px) 100vw, 724px\" \/><\/a><\/figure>\n","protected":false},"excerpt":{"rendered":"<p>PARA ACCEDER A LA VOTACI\u00d3N TELEM\u00c1TICA PARA LA ELECCI\u00d3N DE LA JORNADA ESCOLAR HAZ CLIC&nbsp;AQU\u00cd Votaci\u00f3n Telem\u00e1tica: 19, 20 y 21 de febrero. Votaci\u00f3n presencial: 22 de febrero. Video de ayuda PARA ACCEDER A LA CONSULTA DEL CENSO PARA LA VOTACI\u00d3N DE LA JORNADA ESCOLAR HAZ CLIC&nbsp;AQU\u00cd Del 2 al 15 de febrero en EducaVote [&hellip;]<\/p>\n","protected":false},"author":1,"featured_media":0,"parent":0,"menu_order":0,"comment_status":"closed","ping_status":"closed","template":"","meta":{"_editorskit_title_hidden":false,"_editorskit_reading_time":0,"_editorskit_is_block_options_detached":false,"_editorskit_block_options_position":"{}","_genesis_hide_title":false,"_genesis_hide_breadcrumbs":false,"_genesis_hide_singular_image":false,"_genesis_hide_footer_widgets":false,"_genesis_custom_body_class":"","_genesis_custom_post_class":"","_genesis_layout":"","ngg_post_thumbnail":0},"_links":{"self":[{"href":"https:\/\/cpsanguesa.educacion.navarra.es\/blogs\/wp-json\/wp\/v2\/pages\/4892"}],"collection":[{"href":"https:\/\/cpsanguesa.educacion.navarra.es\/blogs\/wp-json\/wp\/v2\/pages"}],"about":[{"href":"https:\/\/cpsanguesa.educacion.navarra.es\/blogs\/wp-json\/wp\/v2\/types\/page"}],"author":[{"embeddable":true,"href":"https:\/\/cpsanguesa.educacion.navarra.es\/blogs\/wp-json\/wp\/v2\/users\/1"}],"replies":[{"embeddable":true,"href":"https:\/\/cpsanguesa.educacion.navarra.es\/blogs\/wp-json\/wp\/v2\/comments?post=4892"}],"version-history":[{"count":0,"href":"https:\/\/cpsanguesa.educacion.navarra.es\/blogs\/wp-json\/wp\/v2\/pages\/4892\/revisions"}],"wp:attachment":[{"href":"https:\/\/cpsanguesa.educacion.navarra.es\/blogs\/wp-json\/wp\/v2\/media?parent=4892"}],"curies":[{"name":"wp","href":"https:\/\/api.w.org\/{rel}","templated":true}]}}

<div class="wp-block-media-text alignfull has-media-on-the-right is-stacked-on-mobile is-vertically-aligned-center" style="grid-template-columns:auto 40%"><figure class="wp-block-media-text__media"><img loading="lazy" width="600" height="600" src="https://cpsanguesa.educacion.navarra.es/blogs/wp-content/uploads/2024/02/urna-2.png" alt="" class="wp-image-4955 size-full" srcset="https://cpsanguesa.educacion.navarra.es/blogs/wp-content/uploads/2024/02/urna-2.png 600w, https://cpsanguesa.educacion.navarra.es/blogs/wp-content/uploads/2024/02/urna-2-300x300.png 300w, https://cpsanguesa.educacion.navarra.es/blogs/wp-content/uploads/2024/02/urna-2-150x150.png 150w" sizes="(max-width: 600px) 100vw, 600px" /></figure><div class="wp-block-media-text__content">
<h3><strong>PARA ACCEDER A LA VOTACIÓN TELEMÁTICA PARA LA ELECCIÓN DE LA JORNADA ESCOLAR HAZ CLIC&nbsp;<a href="https://educavote.educacion.navarra.es/educavote2/#/votacion">AQUÍ</a></strong></h3>



<p>Votación Telemática: <strong>19, 20 y 21 de febrero</strong>.               Votación presencial: <strong>22 de febrero</strong>. </p>



<p><a href="https://www.youtube.com/watch?v=knCfpNSvazI" class="ek-link">Video de ayuda</a></p>
</div></div>



<hr class="wp-block-separator"/>



<div class="wp-block-media-text alignfull is-stacked-on-mobile is-vertically-aligned-center" style="grid-template-columns:48% auto"><figure class="wp-block-media-text__media"><img loading="lazy" width="280" height="144" src="https://cpsanguesa.educacion.navarra.es/blogs/wp-content/uploads/2024/02/consulta_censo.png" alt="" class="wp-image-4954 size-full"/></figure><div class="wp-block-media-text__content">
<h4>PARA ACCEDER A LA CONSULTA DEL CENSO PARA LA VOTACIÓN DE LA JORNADA ESCOLAR HAZ CLIC&nbsp;<a href="https://educavote.educacion.navarra.es/educavote2/#/votacion">AQUÍ</a></h4>



<p><strong>Del 2 al 15 de febrero en EducaVote</strong></p>



<p><a href="https://youtu.be/o9Gv-mKO9LA" class="ek-link">VÍDEO DE AYUDA</a></p>
</div></div>



<p></p>



<p></p>



<p class="has-text-align-left"></p>



<p></p>



<hr class="wp-block-separator"/>



<div style="width: 100%;"><div style="position: relative; padding-bottom: 56.25%; padding-top: 0; height: 0;"><iframe loading="lazy" title="Jornada Continua" frameborder="0" width="1200" height="675" style="position: absolute; top: 0; left: 0; width: 100%; height: 100%;" src="https://view.genial.ly/65b3d266a3875100142e54f4" type="text/html" allowscriptaccess="always" allowfullscreen="true" scrolling="yes" allownetworking="all"></iframe> </div> </div>



<p></p>



<!--more-->



<p class="has-text-align-justify">El pasado 27 de noviembre se publicaba en el BON la <strong><em><a href="https://www.lexnavarra.navarra.es/detalle.asp?r=56532">Orden Foral 106/2023 de 9 de noviembre</a></em></strong><em>, </em>según la cual <em><b>en el curso 2024/2025 la modalidad de jornada escolar predeterminada para todos los centros educativos de Educación </b></em><strong><em>infantil y primaria será la JORNADA ESCOLAR PARTIDA</em></strong>, con clases por la mañana y por la tarde.</p>



<p class="has-text-align-justify">El 18 de diciembre se publicaba mediante <em><strong><a href="https://bon.navarra.es/es/anuncio/-/texto/2023/260/5">Resolución 479/2023</a></strong>, de 30 de noviembre</em>, <em>la <strong>CONVOCATORIA para la elección de la modalidad de jornada escolar continua o de la modalidad de jornada escolar flexible</strong>, a implantar en el curso 2024/2025</em>.</p>



<p class="has-text-align-justify">Desde el CPEIP Luis Gil, reunido el Consejo Escolar, se ha iniciado el proceso para participar en esta convocatoria para <strong>mantener la JORNADA ESCOLAR CONTINUA</strong> como viene siendo hasta ahora.</p>



<p></p>



<figure class="wp-block-image size-large"><a href="https://cpsanguesa.educacion.navarra.es/blogs/wp-content/uploads/2024/02/Grey-Laptop-Promo-Poster-1.png"><img loading="lazy" width="724" height="1024" src="https://cpsanguesa.educacion.navarra.es/blogs/wp-content/uploads/2024/02/Grey-Laptop-Promo-Poster-1-724x1024.png" alt="" class="wp-image-4936" srcset="https://cpsanguesa.educacion.navarra.es/blogs/wp-content/uploads/2024/02/Grey-Laptop-Promo-Poster-1-724x1024.png 724w, https://cpsanguesa.educacion.navarra.es/blogs/wp-content/uploads/2024/02/Grey-Laptop-Promo-Poster-1-212x300.png 212w, https://cpsanguesa.educacion.navarra.es/blogs/wp-content/uploads/2024/02/Grey-Laptop-Promo-Poster-1-768x1086.png 768w, https://cpsanguesa.educacion.navarra.es/blogs/wp-content/uploads/2024/02/Grey-Laptop-Promo-Poster-1-1086x1536.png 1086w, https://cpsanguesa.educacion.navarra.es/blogs/wp-content/uploads/2024/02/Grey-Laptop-Promo-Poster-1-1448x2048.png 1448w, https://cpsanguesa.educacion.navarra.es/blogs/wp-content/uploads/2024/02/Grey-Laptop-Promo-Poster-1.png 1587w" sizes="(max-width: 724px) 100vw, 724px" /></a></figure>

<p>PARA ACCEDER A LA VOTACIÓN TELEMÁTICA PARA LA ELECCIÓN DE LA JORNADA ESCOLAR HAZ CLIC&nbsp;AQUÍ Votación Telemática: 19, 20 y 21 de febrero. Votación presencial: 22 de febrero. Video de ayuda PARA ACCEDER A LA CONSULTA DEL CENSO PARA LA VOTACIÓN DE LA JORNADA ESCOLAR HAZ CLIC&nbsp;AQUÍ Del 2 al 15 de febrero en EducaVote [&hellip;]</p>
