{"id":5165,"date":"2024-10-05T12:46:12","date_gmt":"2024-10-05T10:46:12","guid":{"rendered":"https:\/\/cpsanguesa.educacion.navarra.es\/blogs\/?page_id=5165"},"modified":"2025-08-31T19:08:30","modified_gmt":"2025-08-31T17:08:30","slug":"seccion-esta-semana-2023-2024","status":"publish","type":"page","link":"https:\/\/cpsanguesa.educacion.navarra.es\/blogs\/seccion-esta-semana-2023-2024\/","title":{"rendered":"Secci\u00f3n \u2018Esta semana\u2026\u2019 2023-2024"},"content":{"rendered":"<div class=\"content-box-blue\">Esta secci\u00f3n recoge los art\u00edculos que se seleccionan cada semana con objeto de ofrecer a los padres y madres contenidos \u00fatiles para la educaci\u00f3n de sus hijos e hijas.<\/div>\n<p><span style=\"color: #ab2668;\"><strong>Semana 40: <a href=\"https:\/\/elpais.com\/mamas-papas\/expertos\/2024-06-23\/luis-castellanos-filosofo-el-gran-reto-de-la-humanidad-es-criar-a-nuestros-hijos-en-la-bondad.html\" target=\"_blank\" rel=\"noopener\"><em>\u201cEl gran reto de la humanidad es criar a nuestros hijos e hijas en la bondad\u201d<\/em><\/a><\/strong><\/span><\/p>\n<p><span style=\"color: #ab2668;\"><strong>Semana 39: <a href=\"https:\/\/elpais.com\/mamas-papas\/familia\/2024-06-16\/que-son-los-superalimentos-y-como-incorporarlos-en-la-comida-de-los-ninos.html\" target=\"_blank\" rel=\"noopener\">Qu\u00e9 son los superalimentos y c\u00f3mo incorporarlos en la comida de los ni\u00f1os y ni\u00f1as.<\/a><\/strong><\/span><\/p>\n<p><span style=\"color: #ab2668;\"><strong>Semana 38: <a href=\"https:\/\/elpais.com\/mamas-papas\/familia\/2024-06-06\/padres-estresados-hijos-afectados.html\" target=\"_blank\" rel=\"noopener\">Padres estresados, hijos afectados.<\/a><\/strong><\/span><\/p>\n<p><span style=\"color: #ab2668;\"><strong>Semana 37: <a class=\"customize-unpreviewable\" href=\"https:\/\/elpais.com\/mamas-papas\/2024-05-29\/como-ayudar-a-los-ninos-a-dormir-mejor-no-solo-son-importantes-las-rutinas.html\" target=\"_blank\" rel=\"noopener\">C\u00f3mo ayudar a los\/as ni\u00f1os\/as a dormir mejor: no solo son importantes las rutinas.<\/a><\/strong><\/span><\/p>\n<p><span style=\"color: #ab2668;\"><strong>Semana 36: <a href=\"https:\/\/elpais.com\/mamas-papas\/familia\/2024-05-24\/solo-seras-la-persona-favorita-de-tu-hijo-10-anos-los-ninos-crecen-y-no-pasa-nada.html#?rel=lom\" target=\"_blank\" rel=\"noopener\">\u201cSolo ser\u00e1s la persona favorita de tu hijo\/a 10 a\u00f1os\u201d: los\/as ni\u00f1os\/as crecen, y no pasa nada.<\/a><\/strong><\/span><\/p>\n<p><span style=\"color: #ab2668;\"><strong>Semana 35: <a href=\"https:\/\/elpais.com\/estilo-de-vida\/2024-05-19\/que-los-ninos-jueguen-con-plantas-curiosidad-aprendizaje-y-disfrute.html\" target=\"_blank\" rel=\"noopener\">Que los ni\u00f1os y ni\u00f1as jueguen con plantas: curiosidad, aprendizaje y disfrute.<\/a><\/strong><\/span><\/p>\n<p><span style=\"color: #ab2668;\"><strong>Semana 34: <a href=\"https:\/\/elpais.com\/mamas-papas\/familia\/2024-05-07\/consejos-para-sobrellevar-una-rabieta-de-tu-hijo-a-la-salida-del-colegio-manten-la-calma-no-estas-solo.html\" target=\"_blank\" rel=\"noopener\">Consejos para sobrellevar una rabieta de tu hijo\/a a la salida del colegio: mant\u00e9n la calma, no est\u00e1s solo\/a.<\/a><\/strong><\/span><\/p>\n<p><span style=\"color: #ab2668;\"><strong>Semana 33: <a href=\"https:\/\/historia.nationalgeographic.com.es\/a\/por-que-se-celebra-dia-madre-mayo_19525\" target=\"_blank\" rel=\"noopener\">\u00bfPor qu\u00e9 el d\u00eda de la madre no se celebra el mismo d\u00eda en todo el mundo?<\/a><\/strong><\/span><\/p>\n<p><span style=\"color: #ab2668;\"><strong>Semana 32: <a href=\"https:\/\/elpais.com\/mamas-papas\/familia\/2024-04-22\/el-secreto-para-una-crianza-feliz-es-volver-a-lo-esencial.html\" target=\"_blank\" rel=\"noopener\">El secreto para una crianza feliz es volver a lo esencial.<\/a><\/strong><\/span><\/p>\n<p><span style=\"color: #ab2668;\"><strong>Semana 31: <a href=\"https:\/\/elpais.com\/economia\/formacion\/2024-04-19\/un-comic-para-educar-a-jovenes-y-familias-sobre-los-riesgos-y-peligros-que-se-esconden-en-internet.html\" target=\"_blank\" rel=\"noopener\">Un c\u00f3mic para educar a j\u00f3venes y familias sobre los riesgos y peligros que se esconden en internet.<\/a><\/strong><\/span><\/p>\n<p><span style=\"color: #ab2668;\"><strong>Semana 30: <a class=\"customize-unpreviewable\" href=\"https:\/\/elpais.com\/mamas-papas\/actualidad\/2024-04-08\/el-running-tambien-es-cosa-de-ninos.html\" target=\"_blank\" rel=\"noopener\">El \u2018running\u2019 tambi\u00e9n es cosa de ni\u00f1os\/as.<\/a><\/strong><\/span><\/p>\n<p><span style=\"color: #ab2668;\"><strong>Semana 29: <a href=\"https:\/\/elpais.com\/mamas-papas\/actualidad\/2024-03-30\/perfeccionismo-y-procrastinacion-en-la-maternidad-dos-caras-de-la-misma-moneda.html\" target=\"_blank\" rel=\"noopener\">Perfeccionismo y procrastinaci\u00f3n en la maternidad: dos caras de la misma moneda.<\/a><\/strong><\/span><\/p>\n<p><span style=\"color: #ab2668;\"><strong>Semana 28: <a href=\"https:\/\/elpais.com\/mamas-papas\/primera-persona\/2024-03-25\/disimular-la-preocupacion-constante-un-arte-prioritario-de-los-padres.html\" target=\"_blank\" rel=\"noopener\">Disimular la preocupaci\u00f3n constante, un arte prioritario de los padres y madres.<\/a><\/strong><\/span><\/p>\n<p><span style=\"color: #ab2668;\"><strong>Semana 27: <a class=\"customize-unpreviewable\" href=\"https:\/\/elpais.com\/mamas-papas\/expertos\/2024-03-22\/si-acuesto-a-mi-hijo-mas-tarde-me-dejara-dormir-mas.html\" target=\"_blank\" rel=\"noopener\">Si acuesto a mi hijo\/a m\u00e1s tarde, \u00bfme dejar\u00e1 dormir m\u00e1s?<\/a><\/strong><\/span><\/p>\n<p><span style=\"color: #ab2668;\"><strong>Semana 26: <a class=\"customize-unpreviewable\" href=\"https:\/\/elpais.com\/mamas-papas\/expertos\/2024-03-14\/sergio-c-fanjul-escritor-no-quiero-dar-lecciones-de-paternidad-pero-hay-algo-basico-hay-que-querer-ser-padre-y-hay-que-estar-presente.html\" target=\"_blank\" rel=\"noopener\">\u201cNo quiero dar lecciones de paternidad, pero hay algo b\u00e1sico: hay que querer ser padre y hay que estar presente\u201d<\/a><\/strong><\/span><\/p>\n<p><span style=\"color: #ab2668;\"><strong>Semana 25: <a href=\"https:\/\/elpais.com\/mamas-papas\/familia\/2024-03-08\/efecto-pigmalion-cuando-las-expectativas-de-los-padres-y-madres-no-son-las-de-sus-hijos.html\" target=\"_blank\" rel=\"noopener\">Efecto Pigmali\u00f3n: cuando las expectativas de los padres y madres no son las de sus hijos e hijas.<\/a><\/strong><\/span><\/p>\n<p><span style=\"color: #ab2668;\"><strong>Semana 24: <a href=\"https:\/\/elpais.com\/mamas-papas\/familia\/2024-03-02\/herramientas-para-mantener-conversaciones-sinceras-y-amables-pero-dificiles-con-los-hijos.html\" target=\"_blank\" rel=\"noopener\">Herramientas para mantener conversaciones sinceras y amables pero dif\u00edciles con los hijos e hijas.<\/a><\/strong><\/span><\/p>\n<p><span style=\"color: #ab2668;\"><strong>Semana 23: <a href=\"https:\/\/elpais.com\/mamas-papas\/familia\/2024-02-24\/con-la-llegada-de-los-hijos-la-vida-conyugal-ya-no-es-lo-que-era.html\" target=\"_blank\" rel=\"noopener\">Con la llegada de los hijos la vida conyugal ya no es lo que era.<\/a><\/strong><\/span><\/p>\n<p><span style=\"color: #ab2668;\"><strong>Semana 22: <a class=\"customize-unpreviewable\" href=\"https:\/\/elpais.com\/mamas-papas\/expertos\/2023-06-19\/maria-velasco-psiquiatra-infantojuvenil-falta-improvisacion-y-naturalidad-en-la-crianza.html#?rel=lom\" target=\"_blank\" rel=\"noopener\">Mar\u00eda Velasco, psiquiatra infantojuvenil: \u201cFalta improvisaci\u00f3n y naturalidad en la crianza\u201d<\/a><\/strong><\/span><\/p>\n<p><span style=\"color: #ab2668;\"><strong>Semana 21: <a class=\"customize-unpreviewable\" href=\"https:\/\/elpais.com\/mamas-papas\/familia\/2024-01-10\/si-quieres-que-tu-hijo-sea-feliz-hazle-responsable-de-sus-cosas.html\" target=\"_blank\" rel=\"noopener\">Si quieres que tu hijo\/a sea feliz, hazle responsable de sus cosas.<\/a><\/strong><\/span><\/p>\n<p><span style=\"color: #ab2668;\"><strong>Semana 20: <a href=\"https:\/\/elpais.com\/mamas-papas\/2024-02-02\/un-hijo-autonomo-es-un-nino-feliz-y-valiente.html\" target=\"_blank\" rel=\"noopener\">Un\/a hijo\/a aut\u00f3nomo\/a es un\/a ni\u00f1o\/a feliz y valiente.<\/a><\/strong><\/span><\/p>\n<p><span style=\"color: #ab2668;\"><strong>Semana 19: <a href=\"https:\/\/elpais.com\/mamas-papas\/expertos\/2024-01-24\/las-actitudes-machistas-de-madres-y-padres-propician-una-crianza-menos-cercana-y-empatica-de-los-hijos.html\" target=\"_blank\" rel=\"noopener\">Las actitudes machistas de madres y padres propician una crianza menos cercana y emp\u00e1tica de los hijos e hijas.<\/a><\/strong><\/span><\/p>\n<p><span style=\"color: #ab2668;\"><strong>Semana 18: <a href=\"https:\/\/elpais.com\/mamas-papas\/familia\/2024-01-16\/como-marca-la-vida-de-un-nino-que-su-padre-o-madre-sea-negligente-emocional.html\" target=\"_blank\" rel=\"noopener\">C\u00f3mo marca la vida de un ni\u00f1o o ni\u00f1a que su padre o madre sea negligente emocional.<\/a><\/strong><\/span><\/p>\n<p><span style=\"color: #ab2668;\"><strong>Semana 17: <a class=\"customize-unpreviewable\" href=\"https:\/\/elpais.com\/mamas-papas\/expertos\/2024-01-07\/aprender-a-escuchar-es-necesario-para-que-los-ninos-desarrollen-sus-aptitudes-sociales.html\" target=\"_blank\" rel=\"noopener\">Aprender a escuchar es necesario para que los ni\u00f1os y ni\u00f1as desarrollen sus aptitudes sociales.<\/a><\/strong><\/span><\/p>\n<p><span style=\"color: #ab2668;\"><strong>Semana 16: <a href=\"https:\/\/elpais.com\/mamas-papas\/actualidad\/2023-12-31\/silvia-alava-psicologa-lo-esencial-a-la-hora-de-marcar-propositos-de-ano-nuevo-con-los-hijos-es-no-exigirles-nada-que-como-padres-no-vayamos-a-hacer.html\" target=\"_blank\" rel=\"noopener\"><em>\u201cLo esencial a la hora de marcar prop\u00f3sitos de a\u00f1o nuevo con los hijos es no exigirles nada que como padres no vayamos a hacer\u201d<\/em><\/a><\/strong><\/span><\/p>\n<p><span style=\"color: #ab2668;\"><strong>Semana 15: <a class=\"customize-unpreviewable\" href=\"https:\/\/elpais.com\/mamas-papas\/actualidad\/2023-12-13\/regalos-para-papa-noel-y-los-reyes-magos-claves-para-encontrar-el-juguete-perfecto.html\" target=\"_blank\" rel=\"noopener\">Claves para encontrar el juguete perfecto estas Navidades.<\/a><\/strong><\/span><\/p>\n<p><span style=\"color: #ab2668;\"><strong>Semana 14: <a href=\"https:\/\/elpais.com\/mamas-papas\/expertos\/2023-12-05\/mejor-sueno-y-rendimiento-escolar-el-contacto-de-los-ninos-con-la-naturaleza-es-imprescindible-para-su-salud.html\" target=\"_blank\" rel=\"noopener\">Mejor sue\u00f1o y rendimiento escolar: el contacto de los ni\u00f1os y ni\u00f1as con la naturaleza es imprescindible para su salud.<\/a><\/strong><\/span><\/p>\n<p><span style=\"color: #ab2668;\"><strong>Semana 13: <a class=\"customize-unpreviewable\" href=\"https:\/\/elpais.com\/mamas-papas\/actualidad\/2023-11-29\/los-ninos-han-dejado-de-usar-y-disfrutar-de-las-calles-por-que-esto-es-un-error.html\" target=\"_blank\" rel=\"noopener\">Los ni\u00f1os y ni\u00f1as han dejado de usar y disfrutar de las calles, por qu\u00e9 esto es un error.<\/a><\/strong><\/span><\/p>\n<p><span style=\"color: #ab2668;\"><strong>Semana 12: <a href=\"https:\/\/elpais.com\/mamas-papas\/familia\/2023-11-21\/ninos-respondones-y-desobedientes-que-pueden-hacer-los-padres.html\" target=\"_blank\" rel=\"noopener\">Ni\u00f1os respondones y desobedientes: \u00bfqu\u00e9 pueden hacer los padres?<\/a><\/strong><\/span><\/p>\n<p><span style=\"color: #ab2668;\"><strong>Semana 11: <a href=\"https:\/\/elpais.com\/mamas-papas\/expertos\/2023-11-18\/adelaida-abrunedo-experta-en-disciplina-positiva-los-padres-no-deben-allanar-el-camino-de-sus-hijos-para-que-no-sufran-sino-prepararles-para-recorrerlo.html\" target=\"_blank\" rel=\"noopener\"><em>\u201cLos padres no deben allanar el camino de sus hijos para que no sufran, sino prepararles para recorrerlo\u201d<\/em><\/a><\/strong><\/span><\/p>\n<p><span style=\"color: #ab2668;\"><strong>Semana 10: <\/strong><\/span><a href=\"https:\/\/elpais.com\/mamas-papas\/familia\/2023-11-11\/como-lograr-que-los-cuentos-produzcan-magia-en-los-ninos-hay-que-saber-leerlos-y-elegirlos.html\" target=\"_blank\" rel=\"noopener\"><strong>\u00bfC\u00f3mo lograr que los cuentos produzcan magia en los ni\u00f1os y ni\u00f1as? Hay que saber leerlos y elegirlos.<\/strong><\/a><\/p>\n<p><span style=\"color: #ab2668;\"><strong>Semana 9: <a href=\"https:\/\/elpais.com\/mamas-papas\/expertos\/2023-10-09\/angelica-joya-psicologa-las-madres-y-los-padres-nadamos-en-un-mar-de-informacion-con-un-centimetro-de-profundidad.html\" target=\"_blank\" rel=\"noopener\">Ang\u00e9lica Joya, psic\u00f3loga: \u201cLas madres y los padres nadamos en un mar de informaci\u00f3n con un cent\u00edmetro de profundidad\u201d.<\/a><\/strong><\/span><\/p>\n<p><span style=\"color: #ab2668;\"><strong>Semana 8: <a href=\"https:\/\/elpais.com\/mamas-papas\/2023-10-26\/la-duda-de-cada-halloween-compro-el-disfraz-de-mi-hijo-o-lo-hacemos-juntos-en-casa.html\" target=\"_blank\" rel=\"noopener\">La duda de cada Halloween: \u00bfcompro el disfraz de mi hijo\/a o lo hacemos juntos en casa?<\/a><\/strong><\/span><\/p>\n<p><span style=\"color: #ab2668;\"><strong>Semana 7: <a href=\"https:\/\/elpais.com\/mamas-papas\/familia\/2023-10-20\/padres-faro-o-el-arte-de-acompanar-el-crecimiento-de-tu-hijo-sin-imponer.html\" target=\"_blank\" rel=\"noopener\">Padres faro o el arte de acompa\u00f1ar el crecimiento de tu hijo\/a sin imponer.<\/a><\/strong><\/span><\/p>\n<p><span style=\"color: #ab2668;\"><strong>Semana 6: <a href=\"https:\/\/elpais.com\/mamas-papas\/familia\/2023-10-01\/por-que-los-ninos-tienen-que-aprender-a-gestionar-la-culpa-o-la-verguenza.html\" target=\"_blank\" rel=\"noopener\">Por qu\u00e9 los ni\u00f1os y ni\u00f1as tienen que aprender a gestionar la culpa o la verg\u00fcenza.<\/a><\/strong><\/span><\/p>\n<p><span style=\"color: #ab2668;\"><strong>Semana 5: <a href=\"https:\/\/elpais.com\/mamas-papas\/actualidad\/2023-09-26\/cuando-esta-preparado-un-nino-para-ir-solo-al-colegio.html\" target=\"_blank\" rel=\"noopener\">\u00bfCu\u00e1ndo est\u00e1 preparado un ni\u00f1o o ni\u00f1a para ir solo al colegio?<\/a><\/strong><\/span><\/p>\n<p><span style=\"color: #ab2668;\"><strong>Semana 4: <a href=\"https:\/\/elpais.com\/mamas-papas\/actualidad\/2023-09-20\/extraescolares-y-salud-mental-hay-que-elegir-segun-lo-que-se-quiera-potenciar-y-sin-sobrecargar-al-nino.html\" target=\"_blank\" rel=\"noopener\">Extraescolares y salud mental: hay que elegir seg\u00fan lo que se quiera potenciar y sin sobrecargar al ni\u00f1o o ni\u00f1a.<\/a><\/strong><\/span><\/p>\n<p><span style=\"color: #ab2668;\"><strong>Semana 3: <a href=\"https:\/\/elpais.com\/mamas-papas\/primera-persona\/2023-09-14\/del-repartidor-al-pupas-10-tipos-de-padres-que-encontraras-en-el-colegio.html#?rel=lom\" target=\"_blank\" rel=\"noopener\">Del repartidor al pupas: 10 tipos de padres que encontrar\u00e1s en el colegio.<\/a><\/strong><\/span><\/p>\n<p><span style=\"color: #ab2668;\"><strong>Semana 2: <a href=\"https:\/\/elpais.com\/mamas-papas\/actualidad\/2023-09-06\/profesores-y-familias-agentes-esenciales-para-educar-a-futuros-adultos-respetuosos-con-el-medio-ambiente.html\" target=\"_blank\" rel=\"noopener\">Profesorado y familias, agentes esenciales para educar a futuros adultos respetuosos con el medio ambiente.<\/a><\/strong><\/span><\/p>\n<p><span style=\"color: #ab2668;\"><strong>Semana 1:<\/strong><\/span> <a href=\"https:\/\/elpais.com\/mamas-papas\/primera-persona\/2022-09-13\/colegios-abiertos-de-sol-a-sol-no-necesitamos-mas-tiempo-para-trabajar-sino-para-vivir.html\" target=\"_blank\" rel=\"noopener\"><strong>\u00bfColegios abiertos de sol a sol? No necesitamos m\u00e1s tiempo para trabajar, sino para vivir.<\/strong><\/a><\/p>\n","protected":false},"excerpt":{"rendered":"<p>Esta secci\u00f3n recoge los art\u00edculos que se seleccionan cada semana con objeto de ofrecer a los padres y madres contenidos \u00fatiles para la educaci\u00f3n de sus hijos e hijas. Semana 40: \u201cEl gran reto de la humanidad es criar a nuestros hijos e hijas en la bondad\u201d Semana 39: Qu\u00e9 son los superalimentos y c\u00f3mo [&hellip;]<\/p>\n","protected":false},"author":1,"featured_media":0,"parent":0,"menu_order":0,"comment_status":"closed","ping_status":"closed","template":"","meta":{"_editorskit_title_hidden":false,"_editorskit_reading_time":0,"_editorskit_is_block_options_detached":false,"_editorskit_block_options_position":"{}","_genesis_hide_title":false,"_genesis_hide_breadcrumbs":false,"_genesis_hide_singular_image":false,"_genesis_hide_footer_widgets":false,"_genesis_custom_body_class":"","_genesis_custom_post_class":"","_genesis_layout":"","ngg_post_thumbnail":0},"_links":{"self":[{"href":"https:\/\/cpsanguesa.educacion.navarra.es\/blogs\/wp-json\/wp\/v2\/pages\/5165"}],"collection":[{"href":"https:\/\/cpsanguesa.educacion.navarra.es\/blogs\/wp-json\/wp\/v2\/pages"}],"about":[{"href":"https:\/\/cpsanguesa.educacion.navarra.es\/blogs\/wp-json\/wp\/v2\/types\/page"}],"author":[{"embeddable":true,"href":"https:\/\/cpsanguesa.educacion.navarra.es\/blogs\/wp-json\/wp\/v2\/users\/1"}],"replies":[{"embeddable":true,"href":"https:\/\/cpsanguesa.educacion.navarra.es\/blogs\/wp-json\/wp\/v2\/comments?post=5165"}],"version-history":[{"count":0,"href":"https:\/\/cpsanguesa.educacion.navarra.es\/blogs\/wp-json\/wp\/v2\/pages\/5165\/revisions"}],"wp:attachment":[{"href":"https:\/\/cpsanguesa.educacion.navarra.es\/blogs\/wp-json\/wp\/v2\/media?parent=5165"}],"curies":[{"name":"wp","href":"https:\/\/api.w.org\/{rel}","templated":true}]}}