{"id":872,"date":"2013-12-01T19:11:58","date_gmt":"2013-12-01T18:11:58","guid":{"rendered":"http:\/\/cpsanguesa.educacion.navarra.es\/blogs\/?page_id=872"},"modified":"2019-11-03T10:39:08","modified_gmt":"2019-11-03T09:39:08","slug":"programacion-general-anual-y-memoria-anual","status":"publish","type":"page","link":"https:\/\/cpsanguesa.educacion.navarra.es\/blogs\/programacion-general-anual-y-memoria-anual\/","title":{"rendered":"Programaci\u00f3n General Anual y Memoria Anual"},"content":{"rendered":"<h6><span style=\"color: #1e6078;\"><strong>PROGRAMACI\u00d3N GENERAL ANUAL 2018-2019 (curso anterior)<\/strong><br \/>\n<\/span><\/h6>\n<p><a href=\"https:\/\/cpsanguesa.educacion.navarra.es\/blogs\/wp-content\/uploads\/2019\/11\/18-19-Programaci\u00f3n-General-Anual_CPEIP-Luis-Gil_Completo.pdf\"><img loading=\"lazy\" class=\"alignleft wp-image-2641 size-medium\" src=\"https:\/\/cpsanguesa.educacion.navarra.es\/blogs\/wp-content\/uploads\/2019\/10\/18-19-Programaci\u00f3n-General-Anual_CPEIP-Luis-Gil_Cover-212x300.jpg\" alt=\"\" width=\"212\" height=\"300\" srcset=\"https:\/\/cpsanguesa.educacion.navarra.es\/blogs\/wp-content\/uploads\/2019\/10\/18-19-Programaci\u00f3n-General-Anual_CPEIP-Luis-Gil_Cover-212x300.jpg 212w, https:\/\/cpsanguesa.educacion.navarra.es\/blogs\/wp-content\/uploads\/2019\/10\/18-19-Programaci\u00f3n-General-Anual_CPEIP-Luis-Gil_Cover-768x1086.jpg 768w, https:\/\/cpsanguesa.educacion.navarra.es\/blogs\/wp-content\/uploads\/2019\/10\/18-19-Programaci\u00f3n-General-Anual_CPEIP-Luis-Gil_Cover-724x1024.jpg 724w, https:\/\/cpsanguesa.educacion.navarra.es\/blogs\/wp-content\/uploads\/2019\/10\/18-19-Programaci\u00f3n-General-Anual_CPEIP-Luis-Gil_Cover.jpg 1654w\" sizes=\"(max-width: 212px) 100vw, 212px\" \/><\/a>La Programaci\u00f3n General Anual contiene la propuesta organizativa y curricular que con car\u00e1cter anual elabora el centro como concreci\u00f3n del Proyecto Educativo y del Proyecto Curricular, para garantizar el desarrollo coordinado de todas las actividades educativas, el correcto ejercicio de las competencias de los distintos \u00f3rganos de gobierno y la participaci\u00f3n de todos los sectores de la comunidad escolar.<br \/>\nLa programaci\u00f3n General Anual es elaborada por el Equipo Directivo del Centro, teniendo en cuenta las deliberaciones y acuerdos del Claustro y del Consejo Escolar.<br \/>\nLa Programaci\u00f3n General Anual es informada por el Claustro de profesores en el \u00e1mbito de su competencia y elevada para su aprobaci\u00f3n posterior al Consejo Escolar del Centro, que debe respetar en todo caso los aspectos docentes que competen al Claustro.<br \/>\nLa Programaci\u00f3n General Anual es de obligado cumplimiento para todos los miembros del centro.<br \/>\n&nbsp;<\/p>\n<h6><span style=\"color: #1e6078;\"><strong>MEMORIA ANUAL 2018-2019 (curso anterior)<\/strong><br \/>\n<\/span><\/h6>\n<p><a href=\"https:\/\/cpsanguesa.educacion.navarra.es\/blogs\/wp-content\/uploads\/2019\/11\/18-19-Memoria-Anual_CPEIP-Luis-Gil_-1.pdf\" target=\"_blank\" rel=\"noopener noreferrer\"><img loading=\"lazy\" class=\"alignleft wp-image-2637 size-medium\" src=\"https:\/\/cpsanguesa.educacion.navarra.es\/blogs\/wp-content\/uploads\/2019\/10\/18-19-Memoria-Anual_CPEIP-Luis-Gil_Cover-1-212x300.jpg\" alt=\"\" width=\"212\" height=\"300\" srcset=\"https:\/\/cpsanguesa.educacion.navarra.es\/blogs\/wp-content\/uploads\/2019\/10\/18-19-Memoria-Anual_CPEIP-Luis-Gil_Cover-1-212x300.jpg 212w, https:\/\/cpsanguesa.educacion.navarra.es\/blogs\/wp-content\/uploads\/2019\/10\/18-19-Memoria-Anual_CPEIP-Luis-Gil_Cover-1-768x1086.jpg 768w, https:\/\/cpsanguesa.educacion.navarra.es\/blogs\/wp-content\/uploads\/2019\/10\/18-19-Memoria-Anual_CPEIP-Luis-Gil_Cover-1-724x1024.jpg 724w, https:\/\/cpsanguesa.educacion.navarra.es\/blogs\/wp-content\/uploads\/2019\/10\/18-19-Memoria-Anual_CPEIP-Luis-Gil_Cover-1.jpg 1654w\" sizes=\"(max-width: 212px) 100vw, 212px\" \/><\/a>Al finalizar el curso, el Claustro de Profesores y Consejo Escolar realizan la evaluaci\u00f3n del grado de cumplimiento de la Programaci\u00f3n General Anual. Las conclusiones m\u00e1s relevantes son recogidas en la Memoria Final de Curso que se remite al Servicio de Inspecci\u00f3n T\u00e9cnica y de Servicios.<\/p>\n","protected":false},"excerpt":{"rendered":"<p>PROGRAMACI\u00d3N GENERAL ANUAL 2018-2019 (curso anterior) La Programaci\u00f3n General Anual contiene la propuesta organizativa y curricular que con car\u00e1cter anual elabora el centro como concreci\u00f3n del Proyecto Educativo y del Proyecto Curricular, para garantizar el desarrollo coordinado de todas las actividades educativas, el correcto ejercicio de las competencias de los distintos \u00f3rganos de gobierno y [&hellip;]<\/p>\n","protected":false},"author":1,"featured_media":0,"parent":0,"menu_order":0,"comment_status":"closed","ping_status":"closed","template":"","meta":{"_editorskit_title_hidden":false,"_editorskit_reading_time":0,"_editorskit_is_block_options_detached":false,"_editorskit_block_options_position":"{}","_genesis_hide_title":false,"_genesis_hide_breadcrumbs":false,"_genesis_hide_singular_image":false,"_genesis_hide_footer_widgets":false,"_genesis_custom_body_class":"","_genesis_custom_post_class":"","_genesis_layout":"","ngg_post_thumbnail":0},"_links":{"self":[{"href":"https:\/\/cpsanguesa.educacion.navarra.es\/blogs\/wp-json\/wp\/v2\/pages\/872"}],"collection":[{"href":"https:\/\/cpsanguesa.educacion.navarra.es\/blogs\/wp-json\/wp\/v2\/pages"}],"about":[{"href":"https:\/\/cpsanguesa.educacion.navarra.es\/blogs\/wp-json\/wp\/v2\/types\/page"}],"author":[{"embeddable":true,"href":"https:\/\/cpsanguesa.educacion.navarra.es\/blogs\/wp-json\/wp\/v2\/users\/1"}],"replies":[{"embeddable":true,"href":"https:\/\/cpsanguesa.educacion.navarra.es\/blogs\/wp-json\/wp\/v2\/comments?post=872"}],"version-history":[{"count":0,"href":"https:\/\/cpsanguesa.educacion.navarra.es\/blogs\/wp-json\/wp\/v2\/pages\/872\/revisions"}],"wp:attachment":[{"href":"https:\/\/cpsanguesa.educacion.navarra.es\/blogs\/wp-json\/wp\/v2\/media?parent=872"}],"curies":[{"name":"wp","href":"https:\/\/api.w.org\/{rel}","templated":true}]}}

Programación General Anual y Memoria Anual

<h6><span style="color: #1e6078;"><strong>PROGRAMACIÓN GENERAL ANUAL 2018-2019 (curso anterior)</strong><br />
</span></h6>
<p><a href="https://cpsanguesa.educacion.navarra.es/blogs/wp-content/uploads/2019/11/18-19-Programación-General-Anual_CPEIP-Luis-Gil_Completo.pdf"><img loading="lazy" class="alignleft wp-image-2641 size-medium" src="https://cpsanguesa.educacion.navarra.es/blogs/wp-content/uploads/2019/10/18-19-Programación-General-Anual_CPEIP-Luis-Gil_Cover-212x300.jpg" alt="" width="212" height="300" srcset="https://cpsanguesa.educacion.navarra.es/blogs/wp-content/uploads/2019/10/18-19-Programación-General-Anual_CPEIP-Luis-Gil_Cover-212x300.jpg 212w, https://cpsanguesa.educacion.navarra.es/blogs/wp-content/uploads/2019/10/18-19-Programación-General-Anual_CPEIP-Luis-Gil_Cover-768x1086.jpg 768w, https://cpsanguesa.educacion.navarra.es/blogs/wp-content/uploads/2019/10/18-19-Programación-General-Anual_CPEIP-Luis-Gil_Cover-724x1024.jpg 724w, https://cpsanguesa.educacion.navarra.es/blogs/wp-content/uploads/2019/10/18-19-Programación-General-Anual_CPEIP-Luis-Gil_Cover.jpg 1654w" sizes="(max-width: 212px) 100vw, 212px" /></a>La Programación General Anual contiene la propuesta organizativa y curricular que con carácter anual elabora el centro como concreción del Proyecto Educativo y del Proyecto Curricular, para garantizar el desarrollo coordinado de todas las actividades educativas, el correcto ejercicio de las competencias de los distintos órganos de gobierno y la participación de todos los sectores de la comunidad escolar.<br />
La programación General Anual es elaborada por el Equipo Directivo del Centro, teniendo en cuenta las deliberaciones y acuerdos del Claustro y del Consejo Escolar.<br />
La Programación General Anual es informada por el Claustro de profesores en el ámbito de su competencia y elevada para su aprobación posterior al Consejo Escolar del Centro, que debe respetar en todo caso los aspectos docentes que competen al Claustro.<br />
La Programación General Anual es de obligado cumplimiento para todos los miembros del centro.<br />
&nbsp;</p>
<h6><span style="color: #1e6078;"><strong>MEMORIA ANUAL 2018-2019 (curso anterior)</strong><br />
</span></h6>
<p><a href="https://cpsanguesa.educacion.navarra.es/blogs/wp-content/uploads/2019/11/18-19-Memoria-Anual_CPEIP-Luis-Gil_-1.pdf" target="_blank" rel="noopener noreferrer"><img loading="lazy" class="alignleft wp-image-2637 size-medium" src="https://cpsanguesa.educacion.navarra.es/blogs/wp-content/uploads/2019/10/18-19-Memoria-Anual_CPEIP-Luis-Gil_Cover-1-212x300.jpg" alt="" width="212" height="300" srcset="https://cpsanguesa.educacion.navarra.es/blogs/wp-content/uploads/2019/10/18-19-Memoria-Anual_CPEIP-Luis-Gil_Cover-1-212x300.jpg 212w, https://cpsanguesa.educacion.navarra.es/blogs/wp-content/uploads/2019/10/18-19-Memoria-Anual_CPEIP-Luis-Gil_Cover-1-768x1086.jpg 768w, https://cpsanguesa.educacion.navarra.es/blogs/wp-content/uploads/2019/10/18-19-Memoria-Anual_CPEIP-Luis-Gil_Cover-1-724x1024.jpg 724w, https://cpsanguesa.educacion.navarra.es/blogs/wp-content/uploads/2019/10/18-19-Memoria-Anual_CPEIP-Luis-Gil_Cover-1.jpg 1654w" sizes="(max-width: 212px) 100vw, 212px" /></a>Al finalizar el curso, el Claustro de Profesores y Consejo Escolar realizan la evaluación del grado de cumplimiento de la Programación General Anual. Las conclusiones más relevantes son recogidas en la Memoria Final de Curso que se remite al Servicio de Inspección Técnica y de Servicios.</p>

<p>PROGRAMACIÓN GENERAL ANUAL 2018-2019 (curso anterior) La Programación General Anual contiene la propuesta organizativa y curricular que con carácter anual elabora el centro como concreción del Proyecto Educativo y del Proyecto Curricular, para garantizar el desarrollo coordinado de todas las actividades educativas, el correcto ejercicio de las competencias de los distintos órganos de gobierno y [&hellip;]</p>
